{"id":3365,"date":"2020-08-13T21:38:37","date_gmt":"2020-08-13T19:38:37","guid":{"rendered":"http:\/\/kirchehundwil.ch\/?page_id=3365"},"modified":"2021-09-16T08:21:40","modified_gmt":"2021-09-16T06:21:40","slug":"ausstellung-bruder-klaus-schreibt-an-den-rat-von-bern-die-guten-grundlagen-der-schweiz","status":"publish","type":"page","link":"https:\/\/kirchehundwil.ch\/?page_id=3365","title":{"rendered":"Ausstellung &#8222;Bruder Klaus&#8220;"},"content":{"rendered":"\n<p style=\"font-size:24px\"><strong>Bruder Klaus schreibt an den Rat von Bern &#8211; die guten Grundlagen der Schweiz<\/strong><\/p>\n\n\n\n<figure class=\"wp-block-image size-large is-resized\"><img loading=\"lazy\" decoding=\"async\" src=\"https:\/\/kirchehundwil.ch\/wp-content\/uploads\/2020\/08\/image.jpeg\" alt=\"\" class=\"wp-image-3366\" width=\"334\" height=\"226\"\/><figcaption>in der beflaggten Halle neben der Bushaltestelle (Ortseingang)<\/figcaption><\/figure>\n\n\n\n<ul class=\"wp-block-list\"><li><strong>1. August 2020 bis 15. Januar 2022 verl\u00e4ngert. <\/strong>Eine Rauminstallation am Landsgemeindeort Hundwil, beim Ortseingang, bei der Postautohaltestelle. T\u00e4glich ge\u00f6ffnet von 9 bis 19 Uhr. Eintritt frei. F\u00fchrungen auch ausserhalb der \u00d6ffnungszeiten. <br><a rel=\"noreferrer noopener\" href=\"http:\/\/vonliebewegen.ch\" target=\"_blank\">Der Link zur Ausstellungsseite<\/a><\/li><\/ul>\n\n\n\n<div class=\"wp-block-file\"><a href=\"https:\/\/kirchehundwil.ch\/wp-content\/uploads\/2020\/08\/Flyer_Die-guten-Grundlagen.pdf\">Faltblatt mit den wichtigsten Informationen<\/a><a href=\"https:\/\/kirchehundwil.ch\/wp-content\/uploads\/2020\/08\/Flyer_Die-guten-Grundlagen.pdf\" class=\"wp-block-file__button\" download>Herunterladen<\/a><\/div>\n\n\n\n<div class=\"wp-block-file\"><a href=\"https:\/\/kirchehundwil.ch\/wp-content\/uploads\/2020\/10\/Einf\u00fchrung-4-Tafeln-zur-Rauminstallation-\u200e.pdf\">Einf\u00fchrung-4-Tafeln-zur-Rauminstallation-\u200e<\/a><a href=\"https:\/\/kirchehundwil.ch\/wp-content\/uploads\/2020\/10\/Einf\u00fchrung-4-Tafeln-zur-Rauminstallation-\u200e.pdf\" class=\"wp-block-file__button\" download>Herunterladen<\/a><\/div>\n\n\n\n<p>Die Ausstellung ist in den vier Landessprachen Deutsch, Franz\u00f6sisch, Italienisch und Rumantsch und auf Englisch zug\u00e4nglich.<\/p>\n\n\n\n<p>Nutzen wir die Zeit, in der wir auf grosse Versammlungen verzichten m\u00fcssen, um in kleineren Gruppen umso intensiver nachzudenken \u00fcber das, was unserem Land Gutes gegeben ist! Auskunft: 079 594 58 94 \/ info@stiftungbruderklaus.ch<br><\/p>\n\n\n\n<p><strong>F\u00fchrungen&nbsp;<\/strong><\/p>\n\n\n\n<p><strong>Samstag, 19. September 2020, 11.15 Uhr und 19.30 Uhr:<\/strong> Busse tun, beten und danken \u2013 was unserem Land Frieden und Zukunft bringt.<\/p>\n\n\n\n<p><strong>Bettag, 20. September, 11.15 Uhr und 19.30 Uhr:<\/strong> Busse tun, beten und danken \u2013 was unserem Land Frieden und Zukunft bringt.<\/p>\n\n\n\n<p><strong>Freitag, 25. September 2020, 20.00 Uhr, Bruder-Klausen-Tag:<\/strong>  \u201eIch, Bruder Klaus von Fl\u00fce: Was die pers\u00f6nliche Freiheit in unserem Land gef\u00e4hrdet und was sie st\u00e4rkt.<\/p>\n\n\n\n<p><\/p>\n\n\n\n<p><strong>Der Bauer und Einsiedler Niklaus von Fl\u00fce, Bruder Klaus<\/strong> genannt, hat das \u00abStanser Verkommnis\u00bb von 1481 vermittelt. Dieses B\u00fcndnis hielt ein erstes Mal so etwas wie eine Verfassungsstruktur fest und legte so die Grundlagen f\u00fcr den Zusammenhalt der Schweizerischen Eidgenossenschaft (Peter von Matt). Wegweisend daf\u00fcr ist bis heute das partnerschaftliche In-, Mit- und Gegeneinander von Stadt und Land. Das hat der Schweiz eine lange Friedenszeit geschenkt, wie sie kein anderes Volk in Europa erleben durfte. Erstaunlich Gutes wurde dadurch in diesem kleinen Land Wirklichkeit.<\/p>\n\n\n\n<p>Die Voraussetzung f\u00fcr seine Friedensvermittlung sch\u00f6pfte Bruder Klaus aus seinem Gebet. Dieses richtet sich an den Vater, den Sohn und den Heiligen Geist. Gott ist einer und doch kein einsames Einzelwesen. Die Einheit, die er schenkt, umf\u00e4ngt eine Vielfalt. Diese Vielfalt aber zerf\u00e4llt nicht in egoistische Einzelteile. Daraus erw\u00e4chst eine stille, starke Alternative zum Individualismus und zum Kollektivismus unserer Zeit.<\/p>\n\n\n\n<p>Am 4. Dezember 1482 siegelte Bruder Klaus seinen Brief an die Berner Ratsherren. Verwundert dankt er, dass die politischen Verantwortungstr\u00e4ger auf seinen Rat geh\u00f6rt haben, und schreibt ihnen, was es pragmatisch zu tun gilt und was in der Fr\u00f6mmigkeit gefordert ist, damit die Liebe den Sieg beh\u00e4lt.<\/p>\n\n\n\n<p>Die Ausstellung am Landsgemeindeort Hundwil vereint diese beiden grundlegenden Dokumente der Schweizergeschichte. Auf dem Grundriss des Gebetszeichens von Bruder Klaus erhebt sich eine Rauminstallation, auf deren W\u00e4nden die Aussagen des Briefes mit Fotografien veranschaulicht werden. So k\u00f6nnen die Besucher und Besucherinnen hineingehen in die Innenwelt des Friedensstifters und seinen authentischen Worten nachsinnen.<\/p>\n\n\n\n<div class=\"wp-block-media-text alignwide has-media-on-the-right is-stacked-on-mobile\" style=\"grid-template-columns:auto 39%\"><figure class=\"wp-block-media-text__media\"><img loading=\"lazy\" decoding=\"async\" width=\"838\" height=\"1024\" src=\"https:\/\/kirchehundwil.ch\/wp-content\/uploads\/2020\/08\/Bruder_Klaus-838x1024.jpg\" alt=\"\" class=\"wp-image-3372 size-full\" srcset=\"https:\/\/kirchehundwil.ch\/wp-content\/uploads\/2020\/08\/Bruder_Klaus-838x1024.jpg 838w, https:\/\/kirchehundwil.ch\/wp-content\/uploads\/2020\/08\/Bruder_Klaus-245x300.jpg 245w, https:\/\/kirchehundwil.ch\/wp-content\/uploads\/2020\/08\/Bruder_Klaus-768x939.jpg 768w, https:\/\/kirchehundwil.ch\/wp-content\/uploads\/2020\/08\/Bruder_Klaus.jpg 855w\" sizes=\"auto, (max-width: 838px) 100vw, 838px\" \/><\/figure><div class=\"wp-block-media-text__content\">\n<p class=\"has-large-font-size\"><\/p>\n<\/div><\/div>\n\n\n\n<p><a href=\"http:\/\/www.vonliebewegen.ch\">www.vonliebewegen.ch<\/a><\/p>\n","protected":false},"excerpt":{"rendered":"<p>Bruder Klaus schreibt an den Rat von Bern &#8211; die guten Grundlagen der Schweiz 1. August 2020 bis 15. Januar 2022 verl\u00e4ngert. Eine Rauminstallation am Landsgemeindeort Hundwil, beim Ortseingang, bei der Postautohaltestelle. T\u00e4glich ge\u00f6ffnet von 9 bis 19 Uhr. Eintritt &hellip; <a href=\"https:\/\/kirchehundwil.ch\/?page_id=3365\">Weiterlesen <span class=\"meta-nav\">&rarr;<\/span><\/a><\/p>\n","protected":false},"author":1,"featured_media":0,"parent":0,"menu_order":0,"comment_status":"closed","ping_status":"closed","template":"","meta":{"footnotes":""},"class_list":["post-3365","page","type-page","status-publish","hentry"],"_links":{"self":[{"href":"https:\/\/kirchehundwil.ch\/index.php?rest_route=\/wp\/v2\/pages\/3365","targetHints":{"allow":["GET"]}}],"collection":[{"href":"https:\/\/kirchehundwil.ch\/index.php?rest_route=\/wp\/v2\/pages"}],"about":[{"href":"https:\/\/kirchehundwil.ch\/index.php?rest_route=\/wp\/v2\/types\/page"}],"author":[{"embeddable":true,"href":"https:\/\/kirchehundwil.ch\/index.php?rest_route=\/wp\/v2\/users\/1"}],"replies":[{"embeddable":true,"href":"https:\/\/kirchehundwil.ch\/index.php?rest_route=%2Fwp%2Fv2%2Fcomments&post=3365"}],"version-history":[{"count":14,"href":"https:\/\/kirchehundwil.ch\/index.php?rest_route=\/wp\/v2\/pages\/3365\/revisions"}],"predecessor-version":[{"id":4560,"href":"https:\/\/kirchehundwil.ch\/index.php?rest_route=\/wp\/v2\/pages\/3365\/revisions\/4560"}],"wp:attachment":[{"href":"https:\/\/kirchehundwil.ch\/index.php?rest_route=%2Fwp%2Fv2%2Fmedia&parent=3365"}],"curies":[{"name":"wp","href":"https:\/\/api.w.org\/{rel}","templated":true}]}}