{"id":3830,"date":"2021-01-12T16:45:39","date_gmt":"2021-01-12T15:45:39","guid":{"rendered":"http:\/\/kirchehundwil.ch\/?page_id=3830"},"modified":"2021-04-27T07:20:06","modified_gmt":"2021-04-27T05:20:06","slug":"konfirmation-28-maerz-2021","status":"publish","type":"page","link":"https:\/\/kirchehundwil.ch\/?page_id=3830","title":{"rendered":"Konfirmation vom 28. M\u00e4rz 2021"},"content":{"rendered":"\n<figure class=\"wp-block-image size-large\"><a href=\"https:\/\/kirchehundwil.ch\/wp-content\/uploads\/2021\/03\/Konfirmation-2021-2-scaled.jpg\"><img loading=\"lazy\" decoding=\"async\" width=\"1024\" height=\"706\" src=\"https:\/\/kirchehundwil.ch\/wp-content\/uploads\/2021\/03\/Konfirmation-2021-2-1024x706.jpg\" alt=\"\" class=\"wp-image-4127\" srcset=\"https:\/\/kirchehundwil.ch\/wp-content\/uploads\/2021\/03\/Konfirmation-2021-2-1024x706.jpg 1024w, https:\/\/kirchehundwil.ch\/wp-content\/uploads\/2021\/03\/Konfirmation-2021-2-300x207.jpg 300w, https:\/\/kirchehundwil.ch\/wp-content\/uploads\/2021\/03\/Konfirmation-2021-2-768x530.jpg 768w, https:\/\/kirchehundwil.ch\/wp-content\/uploads\/2021\/03\/Konfirmation-2021-2-1536x1060.jpg 1536w, https:\/\/kirchehundwil.ch\/wp-content\/uploads\/2021\/03\/Konfirmation-2021-2-2048x1413.jpg 2048w\" sizes=\"auto, (max-width: 1024px) 100vw, 1024px\" \/><\/a><figcaption>Bitte anklicken!<br>Unsere Konfirmanden am Palmsonntag 2021 (von links nach rechts)<br>(Diakon Michael Augsburger), Ueli Kn\u00f6pfel, Eric Steingruber, Florian K\u00e4hli, Tanja Eugster, Karin Holderegger, Manuel Oertle, Beat Frischknecht, Andy J\u00e4ger (Pfr. Bernhard Rothen)<\/figcaption><\/figure>\n\n\n\n<div class=\"wp-block-group\"><div class=\"wp-block-group__inner-container is-layout-flow wp-block-group-is-layout-flow\">\n<figure class=\"wp-block-gallery columns-3 is-cropped wp-block-gallery-1 is-layout-flex wp-block-gallery-is-layout-flex\"><ul class=\"blocks-gallery-grid\"><li class=\"blocks-gallery-item\"><figure><a href=\"https:\/\/kirchehundwil.ch\/wp-content\/uploads\/2021\/03\/Karin-751x1024.jpg\"><img loading=\"lazy\" decoding=\"async\" width=\"751\" height=\"1024\" src=\"https:\/\/kirchehundwil.ch\/wp-content\/uploads\/2021\/03\/Karin-751x1024.jpg\" alt=\"\" data-id=\"4138\" data-link=\"https:\/\/kirchehundwil.ch\/?attachment_id=4138\" class=\"wp-image-4138\" srcset=\"https:\/\/kirchehundwil.ch\/wp-content\/uploads\/2021\/03\/Karin-751x1024.jpg 751w, https:\/\/kirchehundwil.ch\/wp-content\/uploads\/2021\/03\/Karin-220x300.jpg 220w, https:\/\/kirchehundwil.ch\/wp-content\/uploads\/2021\/03\/Karin-768x1047.jpg 768w, https:\/\/kirchehundwil.ch\/wp-content\/uploads\/2021\/03\/Karin-1126x1536.jpg 1126w, https:\/\/kirchehundwil.ch\/wp-content\/uploads\/2021\/03\/Karin-1502x2048.jpg 1502w, https:\/\/kirchehundwil.ch\/wp-content\/uploads\/2021\/03\/Karin-scaled.jpg 1877w\" sizes=\"auto, (max-width: 751px) 100vw, 751px\" \/><\/a><\/figure><\/li><li class=\"blocks-gallery-item\"><figure><a href=\"https:\/\/kirchehundwil.ch\/wp-content\/uploads\/2021\/03\/Tanja-1-751x1024.jpg\"><img loading=\"lazy\" decoding=\"async\" width=\"751\" height=\"1024\" src=\"https:\/\/kirchehundwil.ch\/wp-content\/uploads\/2021\/03\/Tanja-1-751x1024.jpg\" alt=\"\" data-id=\"4140\" data-link=\"https:\/\/kirchehundwil.ch\/?attachment_id=4140\" class=\"wp-image-4140\" srcset=\"https:\/\/kirchehundwil.ch\/wp-content\/uploads\/2021\/03\/Tanja-1-751x1024.jpg 751w, https:\/\/kirchehundwil.ch\/wp-content\/uploads\/2021\/03\/Tanja-1-220x300.jpg 220w, https:\/\/kirchehundwil.ch\/wp-content\/uploads\/2021\/03\/Tanja-1-768x1047.jpg 768w, https:\/\/kirchehundwil.ch\/wp-content\/uploads\/2021\/03\/Tanja-1-1126x1536.jpg 1126w, https:\/\/kirchehundwil.ch\/wp-content\/uploads\/2021\/03\/Tanja-1-1502x2048.jpg 1502w, https:\/\/kirchehundwil.ch\/wp-content\/uploads\/2021\/03\/Tanja-1-scaled.jpg 1877w\" sizes=\"auto, (max-width: 751px) 100vw, 751px\" \/><\/a><\/figure><\/li><li class=\"blocks-gallery-item\"><figure><a href=\"https:\/\/kirchehundwil.ch\/wp-content\/uploads\/2021\/03\/Andy-1-751x1024.jpg\"><img loading=\"lazy\" decoding=\"async\" width=\"751\" height=\"1024\" src=\"https:\/\/kirchehundwil.ch\/wp-content\/uploads\/2021\/03\/Andy-1-751x1024.jpg\" alt=\"\" data-id=\"4142\" data-link=\"https:\/\/kirchehundwil.ch\/?attachment_id=4142\" class=\"wp-image-4142\" srcset=\"https:\/\/kirchehundwil.ch\/wp-content\/uploads\/2021\/03\/Andy-1-751x1024.jpg 751w, https:\/\/kirchehundwil.ch\/wp-content\/uploads\/2021\/03\/Andy-1-220x300.jpg 220w, https:\/\/kirchehundwil.ch\/wp-content\/uploads\/2021\/03\/Andy-1-768x1047.jpg 768w, https:\/\/kirchehundwil.ch\/wp-content\/uploads\/2021\/03\/Andy-1-1126x1536.jpg 1126w, https:\/\/kirchehundwil.ch\/wp-content\/uploads\/2021\/03\/Andy-1-1502x2048.jpg 1502w, https:\/\/kirchehundwil.ch\/wp-content\/uploads\/2021\/03\/Andy-1-scaled.jpg 1877w\" sizes=\"auto, (max-width: 751px) 100vw, 751px\" \/><\/a><\/figure><\/li><li class=\"blocks-gallery-item\"><figure><a href=\"https:\/\/kirchehundwil.ch\/wp-content\/uploads\/2021\/03\/Beat-1-751x1024.jpg\"><img loading=\"lazy\" decoding=\"async\" width=\"751\" height=\"1024\" src=\"https:\/\/kirchehundwil.ch\/wp-content\/uploads\/2021\/03\/Beat-1-751x1024.jpg\" alt=\"\" data-id=\"4143\" data-link=\"https:\/\/kirchehundwil.ch\/?attachment_id=4143\" class=\"wp-image-4143\" srcset=\"https:\/\/kirchehundwil.ch\/wp-content\/uploads\/2021\/03\/Beat-1-751x1024.jpg 751w, https:\/\/kirchehundwil.ch\/wp-content\/uploads\/2021\/03\/Beat-1-220x300.jpg 220w, https:\/\/kirchehundwil.ch\/wp-content\/uploads\/2021\/03\/Beat-1-768x1047.jpg 768w, https:\/\/kirchehundwil.ch\/wp-content\/uploads\/2021\/03\/Beat-1-1126x1536.jpg 1126w, https:\/\/kirchehundwil.ch\/wp-content\/uploads\/2021\/03\/Beat-1-1502x2048.jpg 1502w, https:\/\/kirchehundwil.ch\/wp-content\/uploads\/2021\/03\/Beat-1-scaled.jpg 1877w\" sizes=\"auto, (max-width: 751px) 100vw, 751px\" \/><\/a><\/figure><\/li><li class=\"blocks-gallery-item\"><figure><a href=\"https:\/\/kirchehundwil.ch\/wp-content\/uploads\/2021\/03\/Eric-1-751x1024.jpg\"><img loading=\"lazy\" decoding=\"async\" width=\"751\" height=\"1024\" src=\"https:\/\/kirchehundwil.ch\/wp-content\/uploads\/2021\/03\/Eric-1-751x1024.jpg\" alt=\"\" data-id=\"4144\" data-link=\"https:\/\/kirchehundwil.ch\/?attachment_id=4144\" class=\"wp-image-4144\" srcset=\"https:\/\/kirchehundwil.ch\/wp-content\/uploads\/2021\/03\/Eric-1-751x1024.jpg 751w, https:\/\/kirchehundwil.ch\/wp-content\/uploads\/2021\/03\/Eric-1-220x300.jpg 220w, https:\/\/kirchehundwil.ch\/wp-content\/uploads\/2021\/03\/Eric-1-768x1047.jpg 768w, https:\/\/kirchehundwil.ch\/wp-content\/uploads\/2021\/03\/Eric-1-1126x1536.jpg 1126w, https:\/\/kirchehundwil.ch\/wp-content\/uploads\/2021\/03\/Eric-1-1502x2048.jpg 1502w, https:\/\/kirchehundwil.ch\/wp-content\/uploads\/2021\/03\/Eric-1-scaled.jpg 1877w\" sizes=\"auto, (max-width: 751px) 100vw, 751px\" \/><\/a><\/figure><\/li><li class=\"blocks-gallery-item\"><figure><a href=\"https:\/\/kirchehundwil.ch\/wp-content\/uploads\/2021\/03\/Florian-1-751x1024.jpg\"><img loading=\"lazy\" decoding=\"async\" width=\"751\" height=\"1024\" src=\"https:\/\/kirchehundwil.ch\/wp-content\/uploads\/2021\/03\/Florian-1-751x1024.jpg\" alt=\"\" data-id=\"4145\" data-link=\"https:\/\/kirchehundwil.ch\/?attachment_id=4145\" class=\"wp-image-4145\" srcset=\"https:\/\/kirchehundwil.ch\/wp-content\/uploads\/2021\/03\/Florian-1-751x1024.jpg 751w, https:\/\/kirchehundwil.ch\/wp-content\/uploads\/2021\/03\/Florian-1-220x300.jpg 220w, https:\/\/kirchehundwil.ch\/wp-content\/uploads\/2021\/03\/Florian-1-768x1047.jpg 768w, https:\/\/kirchehundwil.ch\/wp-content\/uploads\/2021\/03\/Florian-1-1126x1536.jpg 1126w, https:\/\/kirchehundwil.ch\/wp-content\/uploads\/2021\/03\/Florian-1-1502x2048.jpg 1502w, https:\/\/kirchehundwil.ch\/wp-content\/uploads\/2021\/03\/Florian-1-scaled.jpg 1877w\" sizes=\"auto, (max-width: 751px) 100vw, 751px\" \/><\/a><\/figure><\/li><li class=\"blocks-gallery-item\"><figure><a href=\"https:\/\/kirchehundwil.ch\/wp-content\/uploads\/2021\/03\/Manuel-1-751x1024.jpg\"><img loading=\"lazy\" decoding=\"async\" width=\"751\" height=\"1024\" src=\"https:\/\/kirchehundwil.ch\/wp-content\/uploads\/2021\/03\/Manuel-1-751x1024.jpg\" alt=\"\" data-id=\"4146\" data-link=\"https:\/\/kirchehundwil.ch\/?attachment_id=4146\" class=\"wp-image-4146\" srcset=\"https:\/\/kirchehundwil.ch\/wp-content\/uploads\/2021\/03\/Manuel-1-751x1024.jpg 751w, https:\/\/kirchehundwil.ch\/wp-content\/uploads\/2021\/03\/Manuel-1-220x300.jpg 220w, https:\/\/kirchehundwil.ch\/wp-content\/uploads\/2021\/03\/Manuel-1-768x1047.jpg 768w, https:\/\/kirchehundwil.ch\/wp-content\/uploads\/2021\/03\/Manuel-1-1126x1536.jpg 1126w, https:\/\/kirchehundwil.ch\/wp-content\/uploads\/2021\/03\/Manuel-1-1502x2048.jpg 1502w, https:\/\/kirchehundwil.ch\/wp-content\/uploads\/2021\/03\/Manuel-1-scaled.jpg 1877w\" sizes=\"auto, (max-width: 751px) 100vw, 751px\" \/><\/a><\/figure><\/li><li class=\"blocks-gallery-item\"><figure><a href=\"https:\/\/kirchehundwil.ch\/wp-content\/uploads\/2021\/03\/Ueli-1-scaled.jpg\"><img loading=\"lazy\" decoding=\"async\" width=\"751\" height=\"1024\" src=\"https:\/\/kirchehundwil.ch\/wp-content\/uploads\/2021\/03\/Ueli-1-751x1024.jpg\" alt=\"\" data-id=\"4147\" data-full-url=\"https:\/\/kirchehundwil.ch\/wp-content\/uploads\/2021\/03\/Ueli-1-scaled.jpg\" data-link=\"https:\/\/kirchehundwil.ch\/?attachment_id=4147\" class=\"wp-image-4147\" srcset=\"https:\/\/kirchehundwil.ch\/wp-content\/uploads\/2021\/03\/Ueli-1-751x1024.jpg 751w, https:\/\/kirchehundwil.ch\/wp-content\/uploads\/2021\/03\/Ueli-1-220x300.jpg 220w, https:\/\/kirchehundwil.ch\/wp-content\/uploads\/2021\/03\/Ueli-1-768x1047.jpg 768w, https:\/\/kirchehundwil.ch\/wp-content\/uploads\/2021\/03\/Ueli-1-1126x1536.jpg 1126w, https:\/\/kirchehundwil.ch\/wp-content\/uploads\/2021\/03\/Ueli-1-1502x2048.jpg 1502w, https:\/\/kirchehundwil.ch\/wp-content\/uploads\/2021\/03\/Ueli-1-scaled.jpg 1877w\" sizes=\"auto, (max-width: 751px) 100vw, 751px\" \/><\/a><\/figure><\/li><\/ul><figcaption class=\"blocks-gallery-caption\">Konfirmanden 2021<\/figcaption><\/figure>\n<\/div><\/div>\n\n\n\n<div class=\"wp-block-media-text alignwide is-stacked-on-mobile\" style=\"grid-template-columns:56% auto\"><figure class=\"wp-block-media-text__media\"><img loading=\"lazy\" decoding=\"async\" width=\"818\" height=\"499\" src=\"https:\/\/kirchehundwil.ch\/wp-content\/uploads\/2021\/01\/20210112-Konfirmanden-2021.png\" alt=\"\" class=\"wp-image-3831 size-full\" srcset=\"https:\/\/kirchehundwil.ch\/wp-content\/uploads\/2021\/01\/20210112-Konfirmanden-2021.png 818w, https:\/\/kirchehundwil.ch\/wp-content\/uploads\/2021\/01\/20210112-Konfirmanden-2021-300x183.png 300w, https:\/\/kirchehundwil.ch\/wp-content\/uploads\/2021\/01\/20210112-Konfirmanden-2021-768x468.png 768w\" sizes=\"auto, (max-width: 818px) 100vw, 818px\" \/><\/figure><div class=\"wp-block-media-text__content\">\n<p>Unsere Konfirmanden auf der Reise zu den Wurzeln der Schweiz, hier vor dem Geburtshaus von Niklaus von Fl\u00fce. <\/p>\n\n\n\n<blockquote class=\"wp-block-quote is-layout-flow wp-block-quote-is-layout-flow\"><p><\/p><\/blockquote>\n<\/div><\/div>\n\n\n\n<p>Am Palmsonntag, 28.&nbsp;M\u00e4rz 2021 m\u00f6chten wir unsere Konfirmanden in der Kirche Hundwil konfirmieren (von links nach rechts):&nbsp;<\/p>\n\n\n\n<p>Andy J\u00e4ger, L\u00e4bel 957, Manuel Oertle, Wasserschaffen 69, Tanja Eugster, Schmitten 95, Karin Holderegger Halden 233, Eric Steingruber, Schmidshaus 112, Beat Frischknecht, B\u00fchl 433, Florian K\u00e4hli, Dorf 17, Ueli Kn\u00f6pfel, Neuhaus 62<\/p>\n","protected":false},"excerpt":{"rendered":"<p>Unsere Konfirmanden auf der Reise zu den Wurzeln der Schweiz, hier vor dem Geburtshaus von Niklaus von Fl\u00fce. Am Palmsonntag, 28.&nbsp;M\u00e4rz 2021 m\u00f6chten wir unsere Konfirmanden in der Kirche Hundwil konfirmieren (von links nach rechts):&nbsp; Andy J\u00e4ger, L\u00e4bel 957, Manuel &hellip; <a href=\"https:\/\/kirchehundwil.ch\/?page_id=3830\">Weiterlesen <span class=\"meta-nav\">&rarr;<\/span><\/a><\/p>\n","protected":false},"author":1,"featured_media":0,"parent":0,"menu_order":0,"comment_status":"closed","ping_status":"closed","template":"","meta":{"footnotes":""},"class_list":["post-3830","page","type-page","status-publish","hentry"],"_links":{"self":[{"href":"https:\/\/kirchehundwil.ch\/index.php?rest_route=\/wp\/v2\/pages\/3830","targetHints":{"allow":["GET"]}}],"collection":[{"href":"https:\/\/kirchehundwil.ch\/index.php?rest_route=\/wp\/v2\/pages"}],"about":[{"href":"https:\/\/kirchehundwil.ch\/index.php?rest_route=\/wp\/v2\/types\/page"}],"author":[{"embeddable":true,"href":"https:\/\/kirchehundwil.ch\/index.php?rest_route=\/wp\/v2\/users\/1"}],"replies":[{"embeddable":true,"href":"https:\/\/kirchehundwil.ch\/index.php?rest_route=%2Fwp%2Fv2%2Fcomments&post=3830"}],"version-history":[{"count":7,"href":"https:\/\/kirchehundwil.ch\/index.php?rest_route=\/wp\/v2\/pages\/3830\/revisions"}],"predecessor-version":[{"id":4236,"href":"https:\/\/kirchehundwil.ch\/index.php?rest_route=\/wp\/v2\/pages\/3830\/revisions\/4236"}],"wp:attachment":[{"href":"https:\/\/kirchehundwil.ch\/index.php?rest_route=%2Fwp%2Fv2%2Fmedia&parent=3830"}],"curies":[{"name":"wp","href":"https:\/\/api.w.org\/{rel}","templated":true}]}}