{"id":5283,"date":"2022-06-23T11:58:32","date_gmt":"2022-06-23T09:58:32","guid":{"rendered":"https:\/\/kirchehundwil.ch\/?page_id=5283"},"modified":"2025-10-06T15:55:10","modified_gmt":"2025-10-06T13:55:10","slug":"erntedank-und-gaben-3","status":"publish","type":"page","link":"https:\/\/kirchehundwil.ch\/?page_id=5283","title":{"rendered":"Erntedank vom 28. September 2025"},"content":{"rendered":"\n<p><strong>Erntedank vom Sonntag, 28. September 2025<\/strong><\/p>\n\n\n\n<p>Am Sonntag, 28. September 2025, feierten wir mit einem eindr\u00fccklichen, frohen Familiengottesdienst den Erntedank, vom Jugendch\u00f6rli und den Sch\u00fclern des Religionsunterrichts mit frohem Gesang begleitet. Anschliessend konnte sich jeder beim vielf\u00e4ltig geschm\u00fcckten und reich beladenen Gabentisch bedienen. Und eine feine Wurst und Brot f\u00fcr Gross und Klein gab&#8217;s nat\u00fcrlich auch.<\/p>\n\n\n\n<p>der Gabentisch, Ausdruck \u00fcber das Jahr so reicher Bescherung aus Feld, Hof, Garten und K\u00fcche &#8211; Erntedank &#8211; Gott sei Dank!<\/p>\n\n\n\n<figure class=\"wp-block-image size-large\"><a href=\"https:\/\/kirchehundwil.ch\/wp-content\/uploads\/2025\/10\/01-Gaben-mit-Bibel-IMG_2325-1-scaled.jpg\"><img loading=\"lazy\" decoding=\"async\" width=\"1024\" height=\"768\" src=\"https:\/\/kirchehundwil.ch\/wp-content\/uploads\/2025\/10\/01-Gaben-mit-Bibel-IMG_2325-1-1024x768.jpg\" alt=\"\" class=\"wp-image-8867\" srcset=\"https:\/\/kirchehundwil.ch\/wp-content\/uploads\/2025\/10\/01-Gaben-mit-Bibel-IMG_2325-1-1024x768.jpg 1024w, https:\/\/kirchehundwil.ch\/wp-content\/uploads\/2025\/10\/01-Gaben-mit-Bibel-IMG_2325-1-300x225.jpg 300w, https:\/\/kirchehundwil.ch\/wp-content\/uploads\/2025\/10\/01-Gaben-mit-Bibel-IMG_2325-1-768x576.jpg 768w, https:\/\/kirchehundwil.ch\/wp-content\/uploads\/2025\/10\/01-Gaben-mit-Bibel-IMG_2325-1-1536x1152.jpg 1536w, https:\/\/kirchehundwil.ch\/wp-content\/uploads\/2025\/10\/01-Gaben-mit-Bibel-IMG_2325-1-2048x1536.jpg 2048w\" sizes=\"auto, (max-width: 1024px) 100vw, 1024px\" \/><\/a><\/figure>\n\n\n\n<figure class=\"wp-block-gallery has-nested-images columns-default is-cropped wp-block-gallery-1 is-layout-flex wp-block-gallery-is-layout-flex\">\n<figure class=\"wp-block-image size-large\"><a href=\"https:\/\/kirchehundwil.ch\/wp-content\/uploads\/2025\/10\/10-Gabentisch-IMG_2327-2-scaled.jpg\"><img loading=\"lazy\" decoding=\"async\" width=\"1024\" height=\"768\" data-id=\"8869\" src=\"https:\/\/kirchehundwil.ch\/wp-content\/uploads\/2025\/10\/10-Gabentisch-IMG_2327-2-1024x768.jpg\" alt=\"\" class=\"wp-image-8869\" srcset=\"https:\/\/kirchehundwil.ch\/wp-content\/uploads\/2025\/10\/10-Gabentisch-IMG_2327-2-1024x768.jpg 1024w, https:\/\/kirchehundwil.ch\/wp-content\/uploads\/2025\/10\/10-Gabentisch-IMG_2327-2-300x225.jpg 300w, https:\/\/kirchehundwil.ch\/wp-content\/uploads\/2025\/10\/10-Gabentisch-IMG_2327-2-768x576.jpg 768w, https:\/\/kirchehundwil.ch\/wp-content\/uploads\/2025\/10\/10-Gabentisch-IMG_2327-2-1536x1152.jpg 1536w, https:\/\/kirchehundwil.ch\/wp-content\/uploads\/2025\/10\/10-Gabentisch-IMG_2327-2-2048x1536.jpg 2048w\" sizes=\"auto, (max-width: 1024px) 100vw, 1024px\" \/><\/a><\/figure>\n\n\n\n<figure class=\"wp-block-image size-large\"><a href=\"https:\/\/kirchehundwil.ch\/wp-content\/uploads\/2025\/10\/15-Gaben-am-Boden-IMG_2330-1-scaled.jpg\"><img loading=\"lazy\" decoding=\"async\" width=\"1024\" height=\"768\" data-id=\"8868\" src=\"https:\/\/kirchehundwil.ch\/wp-content\/uploads\/2025\/10\/15-Gaben-am-Boden-IMG_2330-1-1024x768.jpg\" alt=\"\" class=\"wp-image-8868\" srcset=\"https:\/\/kirchehundwil.ch\/wp-content\/uploads\/2025\/10\/15-Gaben-am-Boden-IMG_2330-1-1024x768.jpg 1024w, https:\/\/kirchehundwil.ch\/wp-content\/uploads\/2025\/10\/15-Gaben-am-Boden-IMG_2330-1-300x225.jpg 300w, https:\/\/kirchehundwil.ch\/wp-content\/uploads\/2025\/10\/15-Gaben-am-Boden-IMG_2330-1-768x576.jpg 768w, https:\/\/kirchehundwil.ch\/wp-content\/uploads\/2025\/10\/15-Gaben-am-Boden-IMG_2330-1-1536x1152.jpg 1536w, https:\/\/kirchehundwil.ch\/wp-content\/uploads\/2025\/10\/15-Gaben-am-Boden-IMG_2330-1-2048x1536.jpg 2048w\" sizes=\"auto, (max-width: 1024px) 100vw, 1024px\" \/><\/a><\/figure>\n<\/figure>\n\n\n\n<p>eine zahlreich erschienene, frohe Gottesdienstgemeinde mit Jugendch\u00f6rli, Religionssch\u00fclern und Orgel<\/p>\n\n\n\n<figure class=\"wp-block-image size-large\"><a href=\"https:\/\/kirchehundwil.ch\/wp-content\/uploads\/2025\/10\/20-Gottesdienst-IMG_2334-1-scaled.jpg\"><img loading=\"lazy\" decoding=\"async\" width=\"1024\" height=\"768\" src=\"https:\/\/kirchehundwil.ch\/wp-content\/uploads\/2025\/10\/20-Gottesdienst-IMG_2334-1-1024x768.jpg\" alt=\"\" class=\"wp-image-8873\" srcset=\"https:\/\/kirchehundwil.ch\/wp-content\/uploads\/2025\/10\/20-Gottesdienst-IMG_2334-1-1024x768.jpg 1024w, https:\/\/kirchehundwil.ch\/wp-content\/uploads\/2025\/10\/20-Gottesdienst-IMG_2334-1-300x225.jpg 300w, https:\/\/kirchehundwil.ch\/wp-content\/uploads\/2025\/10\/20-Gottesdienst-IMG_2334-1-768x576.jpg 768w, https:\/\/kirchehundwil.ch\/wp-content\/uploads\/2025\/10\/20-Gottesdienst-IMG_2334-1-1536x1152.jpg 1536w, https:\/\/kirchehundwil.ch\/wp-content\/uploads\/2025\/10\/20-Gottesdienst-IMG_2334-1-2048x1536.jpg 2048w\" sizes=\"auto, (max-width: 1024px) 100vw, 1024px\" \/><\/a><\/figure>\n\n\n\n<figure class=\"wp-block-gallery has-nested-images columns-default is-cropped wp-block-gallery-2 is-layout-flex wp-block-gallery-is-layout-flex\">\n<figure class=\"wp-block-image size-large\"><a href=\"https:\/\/kirchehundwil.ch\/wp-content\/uploads\/2025\/10\/21-Jugendchoerli-IMG_2337-scaled.jpg\"><img loading=\"lazy\" decoding=\"async\" width=\"1024\" height=\"768\" data-id=\"8872\" src=\"https:\/\/kirchehundwil.ch\/wp-content\/uploads\/2025\/10\/21-Jugendchoerli-IMG_2337-1024x768.jpg\" alt=\"\" class=\"wp-image-8872\" srcset=\"https:\/\/kirchehundwil.ch\/wp-content\/uploads\/2025\/10\/21-Jugendchoerli-IMG_2337-1024x768.jpg 1024w, https:\/\/kirchehundwil.ch\/wp-content\/uploads\/2025\/10\/21-Jugendchoerli-IMG_2337-300x225.jpg 300w, https:\/\/kirchehundwil.ch\/wp-content\/uploads\/2025\/10\/21-Jugendchoerli-IMG_2337-768x576.jpg 768w, https:\/\/kirchehundwil.ch\/wp-content\/uploads\/2025\/10\/21-Jugendchoerli-IMG_2337-1536x1152.jpg 1536w, https:\/\/kirchehundwil.ch\/wp-content\/uploads\/2025\/10\/21-Jugendchoerli-IMG_2337-2048x1536.jpg 2048w\" sizes=\"auto, (max-width: 1024px) 100vw, 1024px\" \/><\/a><\/figure>\n\n\n\n<figure class=\"wp-block-image size-large\"><a href=\"https:\/\/kirchehundwil.ch\/wp-content\/uploads\/2025\/10\/22-Religionsschueler-IMG_2340-scaled.jpg\"><img loading=\"lazy\" decoding=\"async\" width=\"1024\" height=\"768\" data-id=\"8870\" src=\"https:\/\/kirchehundwil.ch\/wp-content\/uploads\/2025\/10\/22-Religionsschueler-IMG_2340-1024x768.jpg\" alt=\"\" class=\"wp-image-8870\" srcset=\"https:\/\/kirchehundwil.ch\/wp-content\/uploads\/2025\/10\/22-Religionsschueler-IMG_2340-1024x768.jpg 1024w, https:\/\/kirchehundwil.ch\/wp-content\/uploads\/2025\/10\/22-Religionsschueler-IMG_2340-300x225.jpg 300w, https:\/\/kirchehundwil.ch\/wp-content\/uploads\/2025\/10\/22-Religionsschueler-IMG_2340-768x576.jpg 768w, https:\/\/kirchehundwil.ch\/wp-content\/uploads\/2025\/10\/22-Religionsschueler-IMG_2340-1536x1152.jpg 1536w, https:\/\/kirchehundwil.ch\/wp-content\/uploads\/2025\/10\/22-Religionsschueler-IMG_2340-2048x1536.jpg 2048w\" sizes=\"auto, (max-width: 1024px) 100vw, 1024px\" \/><\/a><\/figure>\n<\/figure>\n\n\n\n<p>&#8230; und dann wurde auch geschaut und herzhaft zugegriffen &#8230;<\/p>\n\n\n\n<figure class=\"wp-block-gallery has-nested-images columns-default is-cropped wp-block-gallery-3 is-layout-flex wp-block-gallery-is-layout-flex\">\n<figure class=\"wp-block-image size-large\"><a href=\"https:\/\/kirchehundwil.ch\/wp-content\/uploads\/2025\/10\/30-Gabentisch-IMG_2344-scaled.jpg\"><img loading=\"lazy\" decoding=\"async\" width=\"768\" height=\"1024\" data-id=\"8874\" src=\"https:\/\/kirchehundwil.ch\/wp-content\/uploads\/2025\/10\/30-Gabentisch-IMG_2344-768x1024.jpg\" alt=\"\" class=\"wp-image-8874\" srcset=\"https:\/\/kirchehundwil.ch\/wp-content\/uploads\/2025\/10\/30-Gabentisch-IMG_2344-768x1024.jpg 768w, https:\/\/kirchehundwil.ch\/wp-content\/uploads\/2025\/10\/30-Gabentisch-IMG_2344-225x300.jpg 225w, https:\/\/kirchehundwil.ch\/wp-content\/uploads\/2025\/10\/30-Gabentisch-IMG_2344-1152x1536.jpg 1152w, https:\/\/kirchehundwil.ch\/wp-content\/uploads\/2025\/10\/30-Gabentisch-IMG_2344-1536x2048.jpg 1536w, https:\/\/kirchehundwil.ch\/wp-content\/uploads\/2025\/10\/30-Gabentisch-IMG_2344-scaled.jpg 1920w\" sizes=\"auto, (max-width: 768px) 100vw, 768px\" \/><\/a><\/figure>\n\n\n\n<figure class=\"wp-block-image size-large\"><a href=\"https:\/\/kirchehundwil.ch\/wp-content\/uploads\/2025\/10\/31-Gabentisch-IMG_2345-scaled.jpg\"><img loading=\"lazy\" decoding=\"async\" width=\"1024\" height=\"768\" data-id=\"8875\" src=\"https:\/\/kirchehundwil.ch\/wp-content\/uploads\/2025\/10\/31-Gabentisch-IMG_2345-1024x768.jpg\" alt=\"\" class=\"wp-image-8875\" srcset=\"https:\/\/kirchehundwil.ch\/wp-content\/uploads\/2025\/10\/31-Gabentisch-IMG_2345-1024x768.jpg 1024w, https:\/\/kirchehundwil.ch\/wp-content\/uploads\/2025\/10\/31-Gabentisch-IMG_2345-300x225.jpg 300w, https:\/\/kirchehundwil.ch\/wp-content\/uploads\/2025\/10\/31-Gabentisch-IMG_2345-768x576.jpg 768w, https:\/\/kirchehundwil.ch\/wp-content\/uploads\/2025\/10\/31-Gabentisch-IMG_2345-1536x1152.jpg 1536w, https:\/\/kirchehundwil.ch\/wp-content\/uploads\/2025\/10\/31-Gabentisch-IMG_2345-2048x1536.jpg 2048w\" sizes=\"auto, (max-width: 1024px) 100vw, 1024px\" \/><\/a><\/figure>\n<\/figure>\n","protected":false},"excerpt":{"rendered":"<p>Erntedank vom Sonntag, 28. September 2025 Am Sonntag, 28. September 2025, feierten wir mit einem eindr\u00fccklichen, frohen Familiengottesdienst den Erntedank, vom Jugendch\u00f6rli und den Sch\u00fclern des Religionsunterrichts mit frohem Gesang begleitet. Anschliessend konnte sich jeder beim vielf\u00e4ltig geschm\u00fcckten und reich &hellip; <a href=\"https:\/\/kirchehundwil.ch\/?page_id=5283\">Weiterlesen <span class=\"meta-nav\">&rarr;<\/span><\/a><\/p>\n","protected":false},"author":1,"featured_media":0,"parent":0,"menu_order":0,"comment_status":"closed","ping_status":"closed","template":"","meta":{"footnotes":""},"class_list":["post-5283","page","type-page","status-publish","hentry"],"_links":{"self":[{"href":"https:\/\/kirchehundwil.ch\/index.php?rest_route=\/wp\/v2\/pages\/5283","targetHints":{"allow":["GET"]}}],"collection":[{"href":"https:\/\/kirchehundwil.ch\/index.php?rest_route=\/wp\/v2\/pages"}],"about":[{"href":"https:\/\/kirchehundwil.ch\/index.php?rest_route=\/wp\/v2\/types\/page"}],"author":[{"embeddable":true,"href":"https:\/\/kirchehundwil.ch\/index.php?rest_route=\/wp\/v2\/users\/1"}],"replies":[{"embeddable":true,"href":"https:\/\/kirchehundwil.ch\/index.php?rest_route=%2Fwp%2Fv2%2Fcomments&post=5283"}],"version-history":[{"count":22,"href":"https:\/\/kirchehundwil.ch\/index.php?rest_route=\/wp\/v2\/pages\/5283\/revisions"}],"predecessor-version":[{"id":8892,"href":"https:\/\/kirchehundwil.ch\/index.php?rest_route=\/wp\/v2\/pages\/5283\/revisions\/8892"}],"wp:attachment":[{"href":"https:\/\/kirchehundwil.ch\/index.php?rest_route=%2Fwp%2Fv2%2Fmedia&parent=5283"}],"curies":[{"name":"wp","href":"https:\/\/api.w.org\/{rel}","templated":true}]}}