{"id":6123,"date":"2022-12-15T12:38:22","date_gmt":"2022-12-15T11:38:22","guid":{"rendered":"https:\/\/kirchehundwil.ch\/?page_id=6123"},"modified":"2024-01-13T11:32:16","modified_gmt":"2024-01-13T10:32:16","slug":"kirchhoeri-2","status":"publish","type":"page","link":"https:\/\/kirchehundwil.ch\/?page_id=6123","title":{"rendered":"Kirchh\u00f6ri"},"content":{"rendered":"\n<p>Die Kirchh\u00f6ri fand anschliessend an den Gottesdienst statt. Alle Reformierten der Kirchgemeinde Hundwil waren herzlich eingeladen. Stimm\u00ad und wahlberechtigt sind alle Kirchgemeindeglieder, die das 16. Altersjahr vollendet haben. Da kein Wahljahr war, konnte der Pr\u00e4sident die Traktanden z\u00fcgig abwickeln.<\/p>\n\n\n\n<p><strong>Kirchh\u00f6ri am Sonntag, 16. April 2023 um 10.45 Uhr in der Kirche<\/strong><\/p>\n\n\n\n<ol class=\"wp-block-list\">\n<li>Begr\u00fcssung<\/li>\n\n\n\n<li>Wahl der Stimmenz\u00e4hler<\/li>\n\n\n\n<li>Jahresbericht des Pr\u00e4sidenten<\/li>\n\n\n\n<li>Abstimmung \u00fcber die Jahresrechnung 2022,inkl. Zuteilung des Ergebnisses<\/li>\n\n\n\n<li>Abstimmung \u00fcber das Budget 2023 bei gleich\u00adbleibendem Steuerfuss von 0,75 Einheiten<\/li>\n\n\n\n<li>R\u00fccktritte \/ Wahlen<\/li>\n\n\n\n<li>W\u00fcnsche und Antr\u00e4ge (Antr\u00e4ge der Kirchgemeinde\u00adglieder m\u00fcssen bis sp\u00e4testens 10 Tage vor der Kirchgemeindeversammlung schriftlich bei der Kirchenvorsteherschaft eingereicht werden)<\/li>\n\n\n\n<li>Varia<\/li>\n<\/ol>\n\n\n\n<div data-wp-interactive=\"core\/file\" class=\"wp-block-file\"><object data-wp-bind--hidden=\"!state.hasPdfPreview\" hidden class=\"wp-block-file__embed\" data=\"https:\/\/kirchehundwil.ch\/wp-content\/uploads\/2023\/03\/20230327-Edikt-2023-Hundwil-1.pdf\" type=\"application\/pdf\" style=\"width:100%;height:610px\" aria-label=\"Einbettung von 20230327-Edikt-2023-Hundwil-1.\"><\/object><a id=\"wp-block-file--media-8e1fd2d0-905a-486e-a067-952351ddd852\" href=\"https:\/\/kirchehundwil.ch\/wp-content\/uploads\/2023\/03\/20230327-Edikt-2023-Hundwil-1.pdf\">20230327-Edikt-2023-Hundwil-1<\/a><a href=\"https:\/\/kirchehundwil.ch\/wp-content\/uploads\/2023\/03\/20230327-Edikt-2023-Hundwil-1.pdf\" class=\"wp-block-file__button wp-element-button\" download aria-describedby=\"wp-block-file--media-8e1fd2d0-905a-486e-a067-952351ddd852\">Herunterladen<\/a><\/div>\n\n\n\n<p>Besucher konnten die Kirchh\u00f6ri von der Empore aus miterleben. <\/p>\n\n\n\n<figure class=\"wp-block-image size-large\"><a href=\"https:\/\/kirchehundwil.ch\/wp-content\/uploads\/2022\/10\/IMG_0807-Kirche-von-Oben-scaled.jpg\"><img loading=\"lazy\" decoding=\"async\" width=\"1024\" height=\"768\" src=\"https:\/\/kirchehundwil.ch\/wp-content\/uploads\/2022\/10\/IMG_0807-Kirche-von-Oben-1024x768.jpg\" alt=\"\" class=\"wp-image-5886\" srcset=\"https:\/\/kirchehundwil.ch\/wp-content\/uploads\/2022\/10\/IMG_0807-Kirche-von-Oben-1024x768.jpg 1024w, https:\/\/kirchehundwil.ch\/wp-content\/uploads\/2022\/10\/IMG_0807-Kirche-von-Oben-300x225.jpg 300w, https:\/\/kirchehundwil.ch\/wp-content\/uploads\/2022\/10\/IMG_0807-Kirche-von-Oben-768x576.jpg 768w, https:\/\/kirchehundwil.ch\/wp-content\/uploads\/2022\/10\/IMG_0807-Kirche-von-Oben-1536x1152.jpg 1536w, https:\/\/kirchehundwil.ch\/wp-content\/uploads\/2022\/10\/IMG_0807-Kirche-von-Oben-2048x1536.jpg 2048w\" sizes=\"auto, (max-width: 1024px) 100vw, 1024px\" \/><\/a><\/figure>\n","protected":false},"excerpt":{"rendered":"<p>Die Kirchh\u00f6ri fand anschliessend an den Gottesdienst statt. Alle Reformierten der Kirchgemeinde Hundwil waren herzlich eingeladen. Stimm\u00ad und wahlberechtigt sind alle Kirchgemeindeglieder, die das 16. Altersjahr vollendet haben. Da kein Wahljahr war, konnte der Pr\u00e4sident die Traktanden z\u00fcgig abwickeln. Kirchh\u00f6ri &hellip; <a href=\"https:\/\/kirchehundwil.ch\/?page_id=6123\">Weiterlesen <span class=\"meta-nav\">&rarr;<\/span><\/a><\/p>\n","protected":false},"author":1,"featured_media":0,"parent":0,"menu_order":0,"comment_status":"closed","ping_status":"closed","template":"","meta":{"footnotes":""},"class_list":["post-6123","page","type-page","status-publish","hentry"],"_links":{"self":[{"href":"https:\/\/kirchehundwil.ch\/index.php?rest_route=\/wp\/v2\/pages\/6123","targetHints":{"allow":["GET"]}}],"collection":[{"href":"https:\/\/kirchehundwil.ch\/index.php?rest_route=\/wp\/v2\/pages"}],"about":[{"href":"https:\/\/kirchehundwil.ch\/index.php?rest_route=\/wp\/v2\/types\/page"}],"author":[{"embeddable":true,"href":"https:\/\/kirchehundwil.ch\/index.php?rest_route=\/wp\/v2\/users\/1"}],"replies":[{"embeddable":true,"href":"https:\/\/kirchehundwil.ch\/index.php?rest_route=%2Fwp%2Fv2%2Fcomments&post=6123"}],"version-history":[{"count":12,"href":"https:\/\/kirchehundwil.ch\/index.php?rest_route=\/wp\/v2\/pages\/6123\/revisions"}],"predecessor-version":[{"id":7320,"href":"https:\/\/kirchehundwil.ch\/index.php?rest_route=\/wp\/v2\/pages\/6123\/revisions\/7320"}],"wp:attachment":[{"href":"https:\/\/kirchehundwil.ch\/index.php?rest_route=%2Fwp%2Fv2%2Fmedia&parent=6123"}],"curies":[{"name":"wp","href":"https:\/\/api.w.org\/{rel}","templated":true}]}}

Kirchhöri

<p>Die Kirchhöri fand anschliessend an den Gottesdienst statt. Alle Reformierten der Kirchgemeinde Hundwil waren herzlich eingeladen. Stimm­ und wahlberechtigt sind alle Kirchgemeindeglieder, die das 16. Altersjahr vollendet haben. Da kein Wahljahr war, konnte der Präsident die Traktanden zügig abwickeln.</p>



<p><strong>Kirchhöri am Sonntag, 16. April 2023 um 10.45 Uhr in der Kirche</strong></p>



<ol class="wp-block-list">
<li>Begrüssung</li>



<li>Wahl der Stimmenzähler</li>



<li>Jahresbericht des Präsidenten</li>



<li>Abstimmung über die Jahresrechnung 2022,inkl. Zuteilung des Ergebnisses</li>



<li>Abstimmung über das Budget 2023 bei gleich­bleibendem Steuerfuss von 0,75 Einheiten</li>



<li>Rücktritte / Wahlen</li>



<li>Wünsche und Anträge (Anträge der Kirchgemeinde­glieder müssen bis spätestens 10 Tage vor der Kirchgemeindeversammlung schriftlich bei der Kirchenvorsteherschaft eingereicht werden)</li>



<li>Varia</li>
</ol>



<div data-wp-interactive="core/file" class="wp-block-file"><object data-wp-bind--hidden="!state.hasPdfPreview" hidden class="wp-block-file__embed" data="https://kirchehundwil.ch/wp-content/uploads/2023/03/20230327-Edikt-2023-Hundwil-1.pdf" type="application/pdf" style="width:100%;height:610px" aria-label="Einbettung von 20230327-Edikt-2023-Hundwil-1."></object><a id="wp-block-file--media-8e1fd2d0-905a-486e-a067-952351ddd852" href="https://kirchehundwil.ch/wp-content/uploads/2023/03/20230327-Edikt-2023-Hundwil-1.pdf">20230327-Edikt-2023-Hundwil-1</a><a href="https://kirchehundwil.ch/wp-content/uploads/2023/03/20230327-Edikt-2023-Hundwil-1.pdf" class="wp-block-file__button wp-element-button" download aria-describedby="wp-block-file--media-8e1fd2d0-905a-486e-a067-952351ddd852">Herunterladen</a></div>



<p>Besucher konnten die Kirchhöri von der Empore aus miterleben. </p>



<figure class="wp-block-image size-large"><a href="https://kirchehundwil.ch/wp-content/uploads/2022/10/IMG_0807-Kirche-von-Oben-scaled.jpg"><img loading="lazy" decoding="async" width="1024" height="768" src="https://kirchehundwil.ch/wp-content/uploads/2022/10/IMG_0807-Kirche-von-Oben-1024x768.jpg" alt="" class="wp-image-5886" srcset="https://kirchehundwil.ch/wp-content/uploads/2022/10/IMG_0807-Kirche-von-Oben-1024x768.jpg 1024w, https://kirchehundwil.ch/wp-content/uploads/2022/10/IMG_0807-Kirche-von-Oben-300x225.jpg 300w, https://kirchehundwil.ch/wp-content/uploads/2022/10/IMG_0807-Kirche-von-Oben-768x576.jpg 768w, https://kirchehundwil.ch/wp-content/uploads/2022/10/IMG_0807-Kirche-von-Oben-1536x1152.jpg 1536w, https://kirchehundwil.ch/wp-content/uploads/2022/10/IMG_0807-Kirche-von-Oben-2048x1536.jpg 2048w" sizes="auto, (max-width: 1024px) 100vw, 1024px" /></a></figure>

<p>Die Kirchhöri fand anschliessend an den Gottesdienst statt. Alle Reformierten der Kirchgemeinde Hundwil waren herzlich eingeladen. Stimm­ und wahlberechtigt sind alle Kirchgemeindeglieder, die das 16. Altersjahr vollendet haben. Da kein Wahljahr war, konnte der Präsident die Traktanden zügig abwickeln. Kirchhöri &hellip; <a href="https://kirchehundwil.ch/?page_id=6123">Weiterlesen <span class="meta-nav">&rarr;</span></a></p>
