{"id":7673,"date":"2024-06-08T09:16:08","date_gmt":"2024-06-08T07:16:08","guid":{"rendered":"https:\/\/kirchehundwil.ch\/?page_id=7673"},"modified":"2024-06-08T10:55:22","modified_gmt":"2024-06-08T08:55:22","slug":"03-die-treue-walter-klarers-zum-gotteswort","status":"publish","type":"page","link":"https:\/\/kirchehundwil.ch\/?page_id=7673","title":{"rendered":"03 Die Treue Walter Klarers zum Gotteswort"},"content":{"rendered":"\n<p class=\"has-text-color has-link-color wp-elements-c4d558e8a67791879760a29aca877901\" style=\"color:#243fda\">\u00ab Ich bin kl\u00fcger als die Alten, denn ich halte mich an deine Befehle\u00bb&nbsp;&nbsp;&nbsp;&nbsp;&nbsp;Psalm 119,100<\/p>\n\n\n\n<h2 class=\"wp-block-heading\"><strong>Lebensdaten Walter Klarers<\/strong><\/h2>\n\n\n\n<p>geboren 27. Februar 1499 (?) in Hundwil<\/p>\n\n\n\n<p>1509 &#8211; 1515&nbsp;&nbsp;&nbsp;&nbsp;&nbsp;Schule in St. Gallen<\/p>\n\n\n\n<p>1515 &#8211; 1517&nbsp;&nbsp;&nbsp;&nbsp;&nbsp;Studien in Schaffhausen und Bern&nbsp;<br>1517 &#8211; 1521&nbsp;&nbsp;&nbsp;&nbsp;&nbsp;Studium an der Universit\u00e4t Paris<br>1522 &#8211; 1530&nbsp;&nbsp;&nbsp;&nbsp;&nbsp;Pfarrer in Hundwil<\/p>\n\n\n\n<p>1522&nbsp;&nbsp;&nbsp;&nbsp;&nbsp;&nbsp;&nbsp;&nbsp;&nbsp;&nbsp;&nbsp;&nbsp;&nbsp;&nbsp;&nbsp;&nbsp;&nbsp;3. Sonntag im August, 1. Predigt im&nbsp;reformatorischen Sinn<br>1528&nbsp;&nbsp;&nbsp;&nbsp;&nbsp;&nbsp;&nbsp;&nbsp;&nbsp;&nbsp;&nbsp;&nbsp;&nbsp;&nbsp;&nbsp;&nbsp; 6. &#8211; 26. Januar Teilnahme an der Disputation in Bern<br>1530 &#8211; 1531&nbsp;&nbsp;&nbsp;&nbsp;&nbsp;Pfarrer in Herisau<br>1531 &#8211; 1532&nbsp;&nbsp;&nbsp;&nbsp;&nbsp;Pfarrer in Gossau<br>1532 &#8211; 1543&nbsp;&nbsp;&nbsp;&nbsp;&nbsp;Pfarrer in Urn\u00e4sch<br>1543 &#8211; 1567&nbsp;&nbsp;&nbsp;&nbsp;&nbsp;Pfarrer in Hundwil (schreibt die Appenzeller Chronik)<\/p>\n\n\n\n<h2 class=\"wp-block-heading\"><strong>Der Landsgemeindebeschluss vom 24. April 1524<\/strong><\/h2>\n\n\n\n<p>Am 24. April 1524 entschied die Landsgemeinde in Appenzell, dass<\/p>\n\n\n\n<p class=\"has-blue-color has-text-color has-link-color wp-elements-a2151eac0af4e21a7e88d9520ee3b9cf\"><strong>\u201ekein Priester und Prediger fortan etwas anderes lehren solle, als was er aus der heiligen Schrift beweisen k\u00f6nne\u201c.<\/strong><\/p>\n\n\n\n<p>\u201e<em>Wer dem zuwider handeln w\u00fcrde, der solle das Land verlassen und es solle ihm Mus und Brod zu essen verboten sein<\/em>\u201c, hiess es weiter in dem Beschluss der Landsgemeinde.<\/p>\n\n\n\n<p>Gott sei Dank wurde diese H\u00e4rte schon bald gemildert! Anders als in vielen Orten der damaligen Eidgenossenschaft, ist im dreizehnten Ort Appenzell die Reformation insgesamt sehr friedlich verlaufen.<\/p>\n\n\n\n<figure class=\"wp-block-gallery has-nested-images columns-default is-cropped wp-block-gallery-1 is-layout-flex wp-block-gallery-is-layout-flex\">\n<figure class=\"wp-block-image size-large\"><a href=\"https:\/\/kirchehundwil.ch\/wp-content\/uploads\/2024\/06\/Chronik-Klarer-01.png\"><img loading=\"lazy\" decoding=\"async\" width=\"268\" height=\"362\" data-id=\"7674\" src=\"https:\/\/kirchehundwil.ch\/wp-content\/uploads\/2024\/06\/Chronik-Klarer-01.png\" alt=\"\" class=\"wp-image-7674\" srcset=\"https:\/\/kirchehundwil.ch\/wp-content\/uploads\/2024\/06\/Chronik-Klarer-01.png 268w, https:\/\/kirchehundwil.ch\/wp-content\/uploads\/2024\/06\/Chronik-Klarer-01-222x300.png 222w\" sizes=\"auto, (max-width: 268px) 100vw, 268px\" \/><\/a><\/figure>\n\n\n\n<figure class=\"wp-block-image size-large\"><a href=\"https:\/\/kirchehundwil.ch\/wp-content\/uploads\/2024\/06\/Chronik-Klarer-02.png\"><img loading=\"lazy\" decoding=\"async\" width=\"252\" height=\"364\" data-id=\"7675\" src=\"https:\/\/kirchehundwil.ch\/wp-content\/uploads\/2024\/06\/Chronik-Klarer-02.png\" alt=\"\" class=\"wp-image-7675\" srcset=\"https:\/\/kirchehundwil.ch\/wp-content\/uploads\/2024\/06\/Chronik-Klarer-02.png 252w, https:\/\/kirchehundwil.ch\/wp-content\/uploads\/2024\/06\/Chronik-Klarer-02-208x300.png 208w\" sizes=\"auto, (max-width: 252px) 100vw, 252px\" \/><\/a><\/figure>\n<\/figure>\n\n\n\n<h2 class=\"wp-block-heading\"><strong>Glaubens- und Gewissenfreiheit \u2013 die Landsgemeinde vom 6. August 1524<\/strong><\/h2>\n\n\n\n<p>Bereits an der ausserordentlichen Landsgemeinde vom 6. August 1524 wurde mit dem Kirchh\u00f6riprinzip auch die Glaubens- und Gewissensfreiheit eingef\u00fchrt (die gesamteidgen\u00f6ssisch erst in der Verfassung von 1848 verankert wurde):&nbsp;<\/p>\n\n\n\n<p>\u201eM<em>an soll&nbsp;<strong>in jeglicher Kirchh\u00f6ri meeren<\/strong>, wellichen Glouben sie wellti annehmen, und was denn die meerer Hand erhalte, dem solle die minder volgen, doch&nbsp;<strong>das der Glouben frey<\/strong>&nbsp;syge, und dass&nbsp;<strong>keine Partey die ander zu glauben zwinge<\/strong>, sondern&nbsp;<strong>wohin ein jeglichen<\/strong>&nbsp;<strong>syn gw\u00fcssen<\/strong>&nbsp;wyse,&nbsp;<strong>dem s\u00f6lle er nachfolgen<\/strong>, dergstalt, dass wenn es einem in der Kilch nit gfalle, dass er in einer Ander ohne alle Entgeltnuss d\u00fcrfe gon; man solle aber in einer Kilch nit mer dann ein Gottesdienst \u00fcben.<\/em>\u201c<\/p>\n\n\n\n<h2 class=\"wp-block-heading\"><strong>\u201eNon vi, sed verbo\u201c &#8211; \u201eNicht durch Gewalt, sondern durch das Wort\u201c \u2013 Kappeler Kriege<\/strong><\/h2>\n\n\n\n<p>Was der Christenheit zur Zeit der Reformation wieder neu geschenkt worden ist, das Evangelium, das ist etwas, das man nicht mit menschlicher Macht durchsetzen soll. Zum Glauben kann niemand gezwungen werden. Das Gewissen eines Menschen ist nur seine und seines Gottes Angelegenheit. Gott selbst hat in Jesus Christus auf seine Macht verzichtet und will durch sein Wort unser Vertrauen und unsere Liebe gewinnen, nicht erzwingen.&nbsp;<\/p>\n\n\n\n<p>Der Hundwiler Pfarrer Walter Klarer hat mit seiner bescheidenen und treuen Art viel dazu beigetragen, dass dies im Appenzellerland wie kaum woanders Wirklichkeit werden konnte.<\/p>\n\n\n\n<p>Dass Gewalt nicht im Sinne Jesu ist, haben dann auch die Kappeler Kriege zwischen der reformierten Stadt Z\u00fcrich und den r\u00f6misch-katholischen Orten Luzern, Uri, Schwyz, Unterwalden und Zug gezeigt. Nachdem der Z\u00fcrcher Reformator Zwingli und mit ihm viele reformierte Pfarrer und Ratsherren im Krieg 1531 gefallen waren, notierte der gute Freund und Ratgeber Klarers, der St. Galler Reformator Vadian: \u201e&#8230;.<em>an welcher straf Got wol anzaiget hat, dass die diener des Wortz nit zuo krieg, sonder&nbsp;<strong>zuo friden richten und leren s\u00f6lind!<\/strong><\/em>\u201c<\/p>\n\n\n\n<h2 class=\"wp-block-heading\"><strong>Zusammenfassendes Zitat aus Walter Klarers Chronik<\/strong><\/h2>\n\n\n\n<p>Do man Zalt von der gepurt Christi Un\u00dfers Herren 1521 Jarr, bin Ich Walter Klarer, geporner Landtman zu Appenzell, widerumb von Pari\u00df, Da Ich vier Jarr lang uff der Schull in stipendio Regio gsin, In myn Vatterland kommen. Hab da n\u00fct Anders funden Dann den ganzen vollkommnen Papismum, wie dann Domallen an Allen Orthen in der gantzen Eidtgnoschafft was, u\u00dfgenommen Z\u00fcrich hat etwas Anfangs in Euangellio Christo. Gott Lob.<\/p>\n\n\n\n<p>Hernach aber im 1522 Jarr fieng man an von di\u00dfem gros\u00dfen Handell by un\u00df Reden, B\u00fcechli Le\u00dfen, und zwytr\u00e4chtig werden, &#8230;.<\/p>\n\n\n\n<p>wurdend un\u00dfer etlich Priester zu Heilliger G\u00f6ttlicher schrifft veranmuttet und gezogen. Gott sige Lob und Danck, Dem alle Ehr allein zugeh\u00f6rt.&nbsp;<\/p>\n\n\n\n<p>Die anderen Priester aber warend der mehr theill erstlich vast all darwider, wie die B\u00e4pstler noch sind vnd thun.&nbsp;<\/p>\n\n\n\n<p>Also fieng man zu beden Partheyen an Predigen und gab un\u00df Gott vill Gnad und stercke zu reden und erscholl sin wort Im gantzen Land, &#8230;<em>Also namm das wort Gottes souill zu in kilchen und gantzen gmeinden, das man In Siben Pfarrkirchen&nbsp;das heilig Euangelium anfung Predigen und den P\u00e4pstlichen Jrthumben widersprechen, &#8230;<\/em><\/p>\n\n\n\n<div class=\"wp-block-media-text is-stacked-on-mobile\"><figure class=\"wp-block-media-text__media\"><img loading=\"lazy\" decoding=\"async\" width=\"790\" height=\"1024\" src=\"https:\/\/kirchehundwil.ch\/wp-content\/uploads\/2024\/06\/Brief-von-Walter-Klarer-an-Vadian-790x1024.png\" alt=\"\" class=\"wp-image-7676 size-full\" srcset=\"https:\/\/kirchehundwil.ch\/wp-content\/uploads\/2024\/06\/Brief-von-Walter-Klarer-an-Vadian-790x1024.png 790w, https:\/\/kirchehundwil.ch\/wp-content\/uploads\/2024\/06\/Brief-von-Walter-Klarer-an-Vadian-231x300.png 231w, https:\/\/kirchehundwil.ch\/wp-content\/uploads\/2024\/06\/Brief-von-Walter-Klarer-an-Vadian-768x996.png 768w, https:\/\/kirchehundwil.ch\/wp-content\/uploads\/2024\/06\/Brief-von-Walter-Klarer-an-Vadian.png 899w\" sizes=\"auto, (max-width: 790px) 100vw, 790px\" \/><\/figure><div class=\"wp-block-media-text__content\">\n<p>Brief von Walter Klarer an Vadian mit seiner Unterschrift (rechts)<\/p>\n<\/div><\/div>\n","protected":false},"excerpt":{"rendered":"<p>\u00ab Ich bin kl\u00fcger als die Alten, denn ich halte mich an deine Befehle\u00bb&nbsp;&nbsp;&nbsp;&nbsp;&nbsp;Psalm 119,100 Lebensdaten Walter Klarers geboren 27. Februar 1499 (?) in Hundwil 1509 &#8211; 1515&nbsp;&nbsp;&nbsp;&nbsp;&nbsp;Schule in St. Gallen 1515 &#8211; 1517&nbsp;&nbsp;&nbsp;&nbsp;&nbsp;Studien in Schaffhausen und Bern&nbsp;1517 &#8211; 1521&nbsp;&nbsp;&nbsp;&nbsp;&nbsp;Studium &hellip; <a href=\"https:\/\/kirchehundwil.ch\/?page_id=7673\">Weiterlesen <span class=\"meta-nav\">&rarr;<\/span><\/a><\/p>\n","protected":false},"author":1,"featured_media":0,"parent":0,"menu_order":0,"comment_status":"closed","ping_status":"closed","template":"","meta":{"footnotes":""},"class_list":["post-7673","page","type-page","status-publish","hentry"],"_links":{"self":[{"href":"https:\/\/kirchehundwil.ch\/index.php?rest_route=\/wp\/v2\/pages\/7673","targetHints":{"allow":["GET"]}}],"collection":[{"href":"https:\/\/kirchehundwil.ch\/index.php?rest_route=\/wp\/v2\/pages"}],"about":[{"href":"https:\/\/kirchehundwil.ch\/index.php?rest_route=\/wp\/v2\/types\/page"}],"author":[{"embeddable":true,"href":"https:\/\/kirchehundwil.ch\/index.php?rest_route=\/wp\/v2\/users\/1"}],"replies":[{"embeddable":true,"href":"https:\/\/kirchehundwil.ch\/index.php?rest_route=%2Fwp%2Fv2%2Fcomments&post=7673"}],"version-history":[{"count":4,"href":"https:\/\/kirchehundwil.ch\/index.php?rest_route=\/wp\/v2\/pages\/7673\/revisions"}],"predecessor-version":[{"id":7711,"href":"https:\/\/kirchehundwil.ch\/index.php?rest_route=\/wp\/v2\/pages\/7673\/revisions\/7711"}],"wp:attachment":[{"href":"https:\/\/kirchehundwil.ch\/index.php?rest_route=%2Fwp%2Fv2%2Fmedia&parent=7673"}],"curies":[{"name":"wp","href":"https:\/\/api.w.org\/{rel}","templated":true}]}}

<p class="has-text-color has-link-color wp-elements-c4d558e8a67791879760a29aca877901" style="color:#243fda">« Ich bin klüger als die Alten, denn ich halte mich an deine Befehle»&nbsp;&nbsp;&nbsp;&nbsp;&nbsp;Psalm 119,100</p>



<h2 class="wp-block-heading"><strong>Lebensdaten Walter Klarers</strong></h2>



<p>geboren 27. Februar 1499 (?) in Hundwil</p>



<p>1509 &#8211; 1515&nbsp;&nbsp;&nbsp;&nbsp;&nbsp;Schule in St. Gallen</p>



<p>1515 &#8211; 1517&nbsp;&nbsp;&nbsp;&nbsp;&nbsp;Studien in Schaffhausen und Bern&nbsp;<br>1517 &#8211; 1521&nbsp;&nbsp;&nbsp;&nbsp;&nbsp;Studium an der Universität Paris<br>1522 &#8211; 1530&nbsp;&nbsp;&nbsp;&nbsp;&nbsp;Pfarrer in Hundwil</p>



<p>1522&nbsp;&nbsp;&nbsp;&nbsp;&nbsp;&nbsp;&nbsp;&nbsp;&nbsp;&nbsp;&nbsp;&nbsp;&nbsp;&nbsp;&nbsp;&nbsp;&nbsp;3. Sonntag im August, 1. Predigt im&nbsp;reformatorischen Sinn<br>1528&nbsp;&nbsp;&nbsp;&nbsp;&nbsp;&nbsp;&nbsp;&nbsp;&nbsp;&nbsp;&nbsp;&nbsp;&nbsp;&nbsp;&nbsp;&nbsp; 6. &#8211; 26. Januar Teilnahme an der Disputation in Bern<br>1530 &#8211; 1531&nbsp;&nbsp;&nbsp;&nbsp;&nbsp;Pfarrer in Herisau<br>1531 &#8211; 1532&nbsp;&nbsp;&nbsp;&nbsp;&nbsp;Pfarrer in Gossau<br>1532 &#8211; 1543&nbsp;&nbsp;&nbsp;&nbsp;&nbsp;Pfarrer in Urnäsch<br>1543 &#8211; 1567&nbsp;&nbsp;&nbsp;&nbsp;&nbsp;Pfarrer in Hundwil (schreibt die Appenzeller Chronik)</p>



<h2 class="wp-block-heading"><strong>Der Landsgemeindebeschluss vom 24. April 1524</strong></h2>



<p>Am 24. April 1524 entschied die Landsgemeinde in Appenzell, dass</p>



<p class="has-blue-color has-text-color has-link-color wp-elements-a2151eac0af4e21a7e88d9520ee3b9cf"><strong>„kein Priester und Prediger fortan etwas anderes lehren solle, als was er aus der heiligen Schrift beweisen könne“.</strong></p>



<p>„<em>Wer dem zuwider handeln würde, der solle das Land verlassen und es solle ihm Mus und Brod zu essen verboten sein</em>“, hiess es weiter in dem Beschluss der Landsgemeinde.</p>



<p>Gott sei Dank wurde diese Härte schon bald gemildert! Anders als in vielen Orten der damaligen Eidgenossenschaft, ist im dreizehnten Ort Appenzell die Reformation insgesamt sehr friedlich verlaufen.</p>



<figure class="wp-block-gallery has-nested-images columns-default is-cropped wp-block-gallery-1 is-layout-flex wp-block-gallery-is-layout-flex">
<figure class="wp-block-image size-large"><a href="https://kirchehundwil.ch/wp-content/uploads/2024/06/Chronik-Klarer-01.png"><img loading="lazy" decoding="async" width="268" height="362" data-id="7674" src="https://kirchehundwil.ch/wp-content/uploads/2024/06/Chronik-Klarer-01.png" alt="" class="wp-image-7674" srcset="https://kirchehundwil.ch/wp-content/uploads/2024/06/Chronik-Klarer-01.png 268w, https://kirchehundwil.ch/wp-content/uploads/2024/06/Chronik-Klarer-01-222x300.png 222w" sizes="auto, (max-width: 268px) 100vw, 268px" /></a></figure>



<figure class="wp-block-image size-large"><a href="https://kirchehundwil.ch/wp-content/uploads/2024/06/Chronik-Klarer-02.png"><img loading="lazy" decoding="async" width="252" height="364" data-id="7675" src="https://kirchehundwil.ch/wp-content/uploads/2024/06/Chronik-Klarer-02.png" alt="" class="wp-image-7675" srcset="https://kirchehundwil.ch/wp-content/uploads/2024/06/Chronik-Klarer-02.png 252w, https://kirchehundwil.ch/wp-content/uploads/2024/06/Chronik-Klarer-02-208x300.png 208w" sizes="auto, (max-width: 252px) 100vw, 252px" /></a></figure>
</figure>



<h2 class="wp-block-heading"><strong>Glaubens- und Gewissenfreiheit – die Landsgemeinde vom 6. August 1524</strong></h2>



<p>Bereits an der ausserordentlichen Landsgemeinde vom 6. August 1524 wurde mit dem Kirchhöriprinzip auch die Glaubens- und Gewissensfreiheit eingeführt (die gesamteidgenössisch erst in der Verfassung von 1848 verankert wurde):&nbsp;</p>



<p>„M<em>an soll&nbsp;<strong>in jeglicher Kirchhöri meeren</strong>, wellichen Glouben sie wellti annehmen, und was denn die meerer Hand erhalte, dem solle die minder volgen, doch&nbsp;<strong>das der Glouben frey</strong>&nbsp;syge, und dass&nbsp;<strong>keine Partey die ander zu glauben zwinge</strong>, sondern&nbsp;<strong>wohin ein jeglichen</strong>&nbsp;<strong>syn gwüssen</strong>&nbsp;wyse,&nbsp;<strong>dem sölle er nachfolgen</strong>, dergstalt, dass wenn es einem in der Kilch nit gfalle, dass er in einer Ander ohne alle Entgeltnuss dürfe gon; man solle aber in einer Kilch nit mer dann ein Gottesdienst üben.</em>“</p>



<h2 class="wp-block-heading"><strong>„Non vi, sed verbo“ &#8211; „Nicht durch Gewalt, sondern durch das Wort“ – Kappeler Kriege</strong></h2>



<p>Was der Christenheit zur Zeit der Reformation wieder neu geschenkt worden ist, das Evangelium, das ist etwas, das man nicht mit menschlicher Macht durchsetzen soll. Zum Glauben kann niemand gezwungen werden. Das Gewissen eines Menschen ist nur seine und seines Gottes Angelegenheit. Gott selbst hat in Jesus Christus auf seine Macht verzichtet und will durch sein Wort unser Vertrauen und unsere Liebe gewinnen, nicht erzwingen.&nbsp;</p>



<p>Der Hundwiler Pfarrer Walter Klarer hat mit seiner bescheidenen und treuen Art viel dazu beigetragen, dass dies im Appenzellerland wie kaum woanders Wirklichkeit werden konnte.</p>



<p>Dass Gewalt nicht im Sinne Jesu ist, haben dann auch die Kappeler Kriege zwischen der reformierten Stadt Zürich und den römisch-katholischen Orten Luzern, Uri, Schwyz, Unterwalden und Zug gezeigt. Nachdem der Zürcher Reformator Zwingli und mit ihm viele reformierte Pfarrer und Ratsherren im Krieg 1531 gefallen waren, notierte der gute Freund und Ratgeber Klarers, der St. Galler Reformator Vadian: „&#8230;.<em>an welcher straf Got wol anzaiget hat, dass die diener des Wortz nit zuo krieg, sonder&nbsp;<strong>zuo friden richten und leren sölind!</strong></em>“</p>



<h2 class="wp-block-heading"><strong>Zusammenfassendes Zitat aus Walter Klarers Chronik</strong></h2>



<p>Do man Zalt von der gepurt Christi Unßers Herren 1521 Jarr, bin Ich Walter Klarer, geporner Landtman zu Appenzell, widerumb von Pariß, Da Ich vier Jarr lang uff der Schull in stipendio Regio gsin, In myn Vatterland kommen. Hab da nüt Anders funden Dann den ganzen vollkommnen Papismum, wie dann Domallen an Allen Orthen in der gantzen Eidtgnoschafft was, ußgenommen Zürich hat etwas Anfangs in Euangellio Christo. Gott Lob.</p>



<p>Hernach aber im 1522 Jarr fieng man an von dißem grosßen Handell by unß Reden, Büechli Leßen, und zwyträchtig werden, &#8230;.</p>



<p>wurdend unßer etlich Priester zu Heilliger Göttlicher schrifft veranmuttet und gezogen. Gott sige Lob und Danck, Dem alle Ehr allein zugehört.&nbsp;</p>



<p>Die anderen Priester aber warend der mehr theill erstlich vast all darwider, wie die Bäpstler noch sind vnd thun.&nbsp;</p>



<p>Also fieng man zu beden Partheyen an Predigen und gab unß Gott vill Gnad und stercke zu reden und erscholl sin wort Im gantzen Land, &#8230;<em>Also namm das wort Gottes souill zu in kilchen und gantzen gmeinden, das man In Siben Pfarrkirchen&nbsp;das heilig Euangelium anfung Predigen und den Päpstlichen Jrthumben widersprechen, &#8230;</em></p>



<div class="wp-block-media-text is-stacked-on-mobile"><figure class="wp-block-media-text__media"><img loading="lazy" decoding="async" width="790" height="1024" src="https://kirchehundwil.ch/wp-content/uploads/2024/06/Brief-von-Walter-Klarer-an-Vadian-790x1024.png" alt="" class="wp-image-7676 size-full" srcset="https://kirchehundwil.ch/wp-content/uploads/2024/06/Brief-von-Walter-Klarer-an-Vadian-790x1024.png 790w, https://kirchehundwil.ch/wp-content/uploads/2024/06/Brief-von-Walter-Klarer-an-Vadian-231x300.png 231w, https://kirchehundwil.ch/wp-content/uploads/2024/06/Brief-von-Walter-Klarer-an-Vadian-768x996.png 768w, https://kirchehundwil.ch/wp-content/uploads/2024/06/Brief-von-Walter-Klarer-an-Vadian.png 899w" sizes="auto, (max-width: 790px) 100vw, 790px" /></figure><div class="wp-block-media-text__content">
<p>Brief von Walter Klarer an Vadian mit seiner Unterschrift (rechts)</p>
</div></div>

<p>« Ich bin klüger als die Alten, denn ich halte mich an deine Befehle»&nbsp;&nbsp;&nbsp;&nbsp;&nbsp;Psalm 119,100 Lebensdaten Walter Klarers geboren 27. Februar 1499 (?) in Hundwil 1509 &#8211; 1515&nbsp;&nbsp;&nbsp;&nbsp;&nbsp;Schule in St. Gallen 1515 &#8211; 1517&nbsp;&nbsp;&nbsp;&nbsp;&nbsp;Studien in Schaffhausen und Bern&nbsp;1517 &#8211; 1521&nbsp;&nbsp;&nbsp;&nbsp;&nbsp;Studium &hellip; <a href="https://kirchehundwil.ch/?page_id=7673">Weiterlesen <span class="meta-nav">&rarr;</span></a></p>
