{"id":7696,"date":"2024-06-08T10:45:09","date_gmt":"2024-06-08T08:45:09","guid":{"rendered":"https:\/\/kirchehundwil.ch\/?page_id=7696"},"modified":"2024-06-08T10:58:51","modified_gmt":"2024-06-08T08:58:51","slug":"05-taetige-liebe-hilfswerk-apoyo","status":"publish","type":"page","link":"https:\/\/kirchehundwil.ch\/?page_id=7696","title":{"rendered":"05 T\u00e4tige Liebe &#8211; Hilfswerk Apoyo"},"content":{"rendered":"\n<p class=\"has-text-color has-link-color wp-elements-83b505d4f398c2200273c703039b4ba6\" style=\"color:#4659eb\">\u00abGutes zu tun und mit andern zu teilen vergesst nicht; denn solche Opfer gefallen Gott.\u00bb&nbsp;&nbsp;&nbsp;&nbsp;Hebr. 13,16<\/p>\n\n\n\n<h2 class=\"wp-block-heading\">Das Hilfswerk Apoyo unterst\u00fctzt Menschen in den peruanischen Anden<\/h2>\n\n\n\n<p><strong>Mama, hilf uns!<\/strong> &#8211; <strong>Hilfe zur Selbsthilfe \u2013 wie alles begann<\/strong><\/p>\n\n\n\n<p>Als Marlen Menet von Hundwil 1992 das erste Mal in Peru war, wusste sie nicht was auf sie zukommen und in welche Verantwortungen sie nach und nach gestellt w\u00fcrde.&nbsp;<\/p>\n\n\n\n<p>Sie solle helfen, solle in die Anden kommen, wurde ihr gesagt. Mama, hilf uns! Das Lehrerehepaar Hans und Marlen hatten keine Kinder. Marlen unterrichtete in einer Teizeitanstellung Englisch und Franz\u00f6sisch in Hundwil. Nur aufgrund dieser Voraussetzungen konnte eine Hilfestellung \u00fcberhaupt in Betracht gezogen werden. Finanziert wurde vorerst alles privat.<\/p>\n\n\n\n<p>Dann bemerkte Marlen, dass die Kinder in Tambo Machay (3800 m.\u00fc.M.) nicht zur Schule gingen. Jede \u00e4rztliche Versorgung fehlte. 110 von 130 Menschen waren krank, stellte der aus Cuczo herzugerufene Arzt fest. Nicht verwunderlich. Mensch und Tier lebten in unhygienischen Einraumh\u00e4usern. Das \u00abTrinkwasser\u00bb war stark verschmutzt. Marlen musste innert K\u00fcrze spanisch lernen. So ergab sich eines nach dem andern.&nbsp;<\/p>\n\n\n\n<p>2004 wurde schliesslich die Stiftung \u00abHilfe zur Selbsthilfe\u00bb gegr\u00fcndet.<\/p>\n\n\n\n<figure class=\"wp-block-image size-large\"><a href=\"https:\/\/kirchehundwil.ch\/wp-content\/uploads\/2024\/06\/Apoyo-Esstisch.png\"><img loading=\"lazy\" decoding=\"async\" width=\"1024\" height=\"271\" src=\"https:\/\/kirchehundwil.ch\/wp-content\/uploads\/2024\/06\/Apoyo-Esstisch-1024x271.png\" alt=\"\" class=\"wp-image-7714\" srcset=\"https:\/\/kirchehundwil.ch\/wp-content\/uploads\/2024\/06\/Apoyo-Esstisch-1024x271.png 1024w, https:\/\/kirchehundwil.ch\/wp-content\/uploads\/2024\/06\/Apoyo-Esstisch-300x80.png 300w, https:\/\/kirchehundwil.ch\/wp-content\/uploads\/2024\/06\/Apoyo-Esstisch-768x204.png 768w, https:\/\/kirchehundwil.ch\/wp-content\/uploads\/2024\/06\/Apoyo-Esstisch.png 1241w\" sizes=\"auto, (max-width: 1024px) 100vw, 1024px\" \/><\/a><\/figure>\n\n\n\n<h2 class=\"wp-block-heading\">Laufende Projekte<\/h2>\n\n\n\n<p><strong>Kindergarten<\/strong><\/p>\n\n\n\n<p>Der heutige Gemeindepr\u00e4sident von Tambo Machay, er war ein Waisenbub, m\u00f6chte f\u00fcr 11 Kinder einen Kindergarten er\u00f6ffnen. Das soll in diesen Tagen geschehen. Der Lohn der Kinderg\u00e4rtnerin wird vom Staat \u00fcbernommen. Die wegen einem Erdbeben 2023 n\u00f6tig gewordenn Renovationsarbeiten \u00fcbernimmt die Stiftung.<\/p>\n\n\n\n<p><strong>Schulmaterial<\/strong><\/p>\n\n\n\n<p>Das Hilfswerk legt grossen Wert auf Schule und Ausbildung. Seit Jahren wird f\u00fcr 80 Sch\u00fcler in Tambomachay und Queser Schulmaterial finanziert. Das Hilfswerk arbeitet mit peruanischen Vertrauenspersonen vor Ort. Die Arbeiten erfolgen ehrenamtlich, es werden keine L\u00f6hne bezahlt.<\/p>\n\n\n\n<p><strong>Lebensmittel<\/strong><\/p>\n\n\n\n<p>In der Coronazeit gingen viele Jobs verloren. Viele Familien konnten die Grundversorgung nicht mehr sicherstellen. Die Bev\u00f6lkerung in Tambo Machay und auch Familien in Cuzco werden nach Bedarf mit Lebensmittelpaketen oder finanziell unterst\u00fctzt.&nbsp;Diese Aktionen fanden 2023 drei bis vier Mal statt. Ungef\u00e4hr 700 Personen&nbsp;profitieren davon.&nbsp;Weitere Projekte&nbsp;&nbsp;wie Krankenversorgung, Unterst\u00fctzung f\u00f6rderungsw\u00fcrdiger Sch\u00fcler, etc. sind in Arbeit.<\/p>\n\n\n\n<figure class=\"wp-block-gallery has-nested-images columns-default is-cropped wp-block-gallery-1 is-layout-flex wp-block-gallery-is-layout-flex\">\n<figure class=\"wp-block-image size-large\"><a href=\"https:\/\/kirchehundwil.ch\/wp-content\/uploads\/2024\/06\/20240323-Apoyo-Studentin.png\"><img loading=\"lazy\" decoding=\"async\" width=\"343\" height=\"406\" data-id=\"7697\" src=\"https:\/\/kirchehundwil.ch\/wp-content\/uploads\/2024\/06\/20240323-Apoyo-Studentin.png\" alt=\"\" class=\"wp-image-7697\" srcset=\"https:\/\/kirchehundwil.ch\/wp-content\/uploads\/2024\/06\/20240323-Apoyo-Studentin.png 343w, https:\/\/kirchehundwil.ch\/wp-content\/uploads\/2024\/06\/20240323-Apoyo-Studentin-253x300.png 253w\" sizes=\"auto, (max-width: 343px) 100vw, 343px\" \/><\/a><\/figure>\n\n\n\n<figure class=\"wp-block-image size-large\"><a href=\"https:\/\/kirchehundwil.ch\/wp-content\/uploads\/2024\/06\/20240403-Apoyo-Nahrungsmittel.png\"><img loading=\"lazy\" decoding=\"async\" width=\"1024\" height=\"692\" data-id=\"7702\" src=\"https:\/\/kirchehundwil.ch\/wp-content\/uploads\/2024\/06\/20240403-Apoyo-Nahrungsmittel-1024x692.png\" alt=\"\" class=\"wp-image-7702\" srcset=\"https:\/\/kirchehundwil.ch\/wp-content\/uploads\/2024\/06\/20240403-Apoyo-Nahrungsmittel-1024x692.png 1024w, https:\/\/kirchehundwil.ch\/wp-content\/uploads\/2024\/06\/20240403-Apoyo-Nahrungsmittel-300x203.png 300w, https:\/\/kirchehundwil.ch\/wp-content\/uploads\/2024\/06\/20240403-Apoyo-Nahrungsmittel-768x519.png 768w, https:\/\/kirchehundwil.ch\/wp-content\/uploads\/2024\/06\/20240403-Apoyo-Nahrungsmittel-1536x1038.png 1536w, https:\/\/kirchehundwil.ch\/wp-content\/uploads\/2024\/06\/20240403-Apoyo-Nahrungsmittel-2048x1384.png 2048w\" sizes=\"auto, (max-width: 1024px) 100vw, 1024px\" \/><\/a><\/figure>\n\n\n\n<figure class=\"wp-block-image size-large\"><a href=\"https:\/\/kirchehundwil.ch\/wp-content\/uploads\/2024\/06\/20240403-Apoyo-Schulmaterial-libros_en_clase.jpeg\"><img loading=\"lazy\" decoding=\"async\" width=\"1024\" height=\"768\" data-id=\"7699\" src=\"https:\/\/kirchehundwil.ch\/wp-content\/uploads\/2024\/06\/20240403-Apoyo-Schulmaterial-libros_en_clase-1024x768.jpeg\" alt=\"\" class=\"wp-image-7699\" srcset=\"https:\/\/kirchehundwil.ch\/wp-content\/uploads\/2024\/06\/20240403-Apoyo-Schulmaterial-libros_en_clase-1024x768.jpeg 1024w, https:\/\/kirchehundwil.ch\/wp-content\/uploads\/2024\/06\/20240403-Apoyo-Schulmaterial-libros_en_clase-300x225.jpeg 300w, https:\/\/kirchehundwil.ch\/wp-content\/uploads\/2024\/06\/20240403-Apoyo-Schulmaterial-libros_en_clase-768x576.jpeg 768w, https:\/\/kirchehundwil.ch\/wp-content\/uploads\/2024\/06\/20240403-Apoyo-Schulmaterial-libros_en_clase-1536x1152.jpeg 1536w, https:\/\/kirchehundwil.ch\/wp-content\/uploads\/2024\/06\/20240403-Apoyo-Schulmaterial-libros_en_clase.jpeg 1632w\" sizes=\"auto, (max-width: 1024px) 100vw, 1024px\" \/><\/a><\/figure>\n\n\n\n<figure class=\"wp-block-image size-large\"><a href=\"https:\/\/kirchehundwil.ch\/wp-content\/uploads\/2024\/06\/20240403-Apoyo-Wasserversorgung.png\"><img loading=\"lazy\" decoding=\"async\" width=\"1024\" height=\"767\" data-id=\"7700\" src=\"https:\/\/kirchehundwil.ch\/wp-content\/uploads\/2024\/06\/20240403-Apoyo-Wasserversorgung-1024x767.png\" alt=\"\" class=\"wp-image-7700\" srcset=\"https:\/\/kirchehundwil.ch\/wp-content\/uploads\/2024\/06\/20240403-Apoyo-Wasserversorgung-1024x767.png 1024w, https:\/\/kirchehundwil.ch\/wp-content\/uploads\/2024\/06\/20240403-Apoyo-Wasserversorgung-300x225.png 300w, https:\/\/kirchehundwil.ch\/wp-content\/uploads\/2024\/06\/20240403-Apoyo-Wasserversorgung-768x575.png 768w, https:\/\/kirchehundwil.ch\/wp-content\/uploads\/2024\/06\/20240403-Apoyo-Wasserversorgung-1536x1150.png 1536w, https:\/\/kirchehundwil.ch\/wp-content\/uploads\/2024\/06\/20240403-Apoyo-Wasserversorgung-2048x1534.png 2048w\" sizes=\"auto, (max-width: 1024px) 100vw, 1024px\" \/><\/a><\/figure>\n\n\n\n<figure class=\"wp-block-image size-large\"><a href=\"https:\/\/kirchehundwil.ch\/wp-content\/uploads\/2024\/06\/Apoyo-Gottesdienst-4-scaled-1.jpeg\"><img loading=\"lazy\" decoding=\"async\" width=\"1024\" height=\"768\" data-id=\"7701\" src=\"https:\/\/kirchehundwil.ch\/wp-content\/uploads\/2024\/06\/Apoyo-Gottesdienst-4-scaled-1-1024x768.jpeg\" alt=\"\" class=\"wp-image-7701\" srcset=\"https:\/\/kirchehundwil.ch\/wp-content\/uploads\/2024\/06\/Apoyo-Gottesdienst-4-scaled-1-1024x768.jpeg 1024w, https:\/\/kirchehundwil.ch\/wp-content\/uploads\/2024\/06\/Apoyo-Gottesdienst-4-scaled-1-300x225.jpeg 300w, https:\/\/kirchehundwil.ch\/wp-content\/uploads\/2024\/06\/Apoyo-Gottesdienst-4-scaled-1-768x576.jpeg 768w, https:\/\/kirchehundwil.ch\/wp-content\/uploads\/2024\/06\/Apoyo-Gottesdienst-4-scaled-1-1536x1152.jpeg 1536w, https:\/\/kirchehundwil.ch\/wp-content\/uploads\/2024\/06\/Apoyo-Gottesdienst-4-scaled-1-2048x1536.jpeg 2048w\" sizes=\"auto, (max-width: 1024px) 100vw, 1024px\" \/><\/a><\/figure>\n<\/figure>\n\n\n\n<h2 class=\"wp-block-heading\">Abgeschlossene Projekte<\/h2>\n\n\n\n<p><strong>Waisenhaus<\/strong><\/p>\n\n\n\n<p>2006 baute die Stiftung in Tambo Machay ein eigenes Waisenhaus. 8 mutterlose Halbwaisen wurden durch die Ersatzeltern Andr\u00e9s und Fermina Ccolque grossgezogen. Heute sind alle Kinder erwachsen, haben ein Handwerk erlernt und&nbsp;&nbsp;k\u00f6nnen ihren Lebensunterhalt selber bestreiten.&nbsp;<\/p>\n\n\n\n<p><strong>Wasser f\u00fcr Tambo Machay und Queser<\/strong><\/p>\n\n\n\n<p>Im Herbst 2007 wurde in den H\u00fcgeln \u00fcber dem Dorf eine Quelle gefasst. Aus Kostengr\u00fcnden musste der fast 2 Kilometer lange Graben von Hand von den Dorfbewohnern \u2013 M\u00e4nner und Frauen &#8211; gegraben werden. Harte Knochenarbeit! Gleichzeitig wurde ein Reservoir erstellt.&nbsp;Ingenieur Serapio Tapia, ein Bekannter aus den Anf\u00e4ngen des Hilfswerks, war bereit, das Projekt zu planen und auch selber tatkr\u00e4ftig mitzuwirken. Es gab nur eine Maschine, den Betonmischer.&nbsp;<\/p>\n\n\n\n<p>Im Herbst 2019 wurde im nachbarlichen Queser auf Bitte des Ingenieurs in \u00e4hnlicher Art und mit viel Eigenleistung eine Wasserversorgung erstellt. Danke dem Wasser konnten&nbsp;im Dorf Gem\u00fcse-Treibh\u00e4user gebaut werden. Die Stiftung \u00fcbernahm die Kosten.&nbsp;<\/p>\n","protected":false},"excerpt":{"rendered":"<p>\u00abGutes zu tun und mit andern zu teilen vergesst nicht; denn solche Opfer gefallen Gott.\u00bb&nbsp;&nbsp;&nbsp;&nbsp;Hebr. 13,16 Das Hilfswerk Apoyo unterst\u00fctzt Menschen in den peruanischen Anden Mama, hilf uns! &#8211; Hilfe zur Selbsthilfe \u2013 wie alles begann Als Marlen Menet von &hellip; <a href=\"https:\/\/kirchehundwil.ch\/?page_id=7696\">Weiterlesen <span class=\"meta-nav\">&rarr;<\/span><\/a><\/p>\n","protected":false},"author":1,"featured_media":0,"parent":0,"menu_order":0,"comment_status":"closed","ping_status":"closed","template":"","meta":{"footnotes":""},"class_list":["post-7696","page","type-page","status-publish","hentry"],"_links":{"self":[{"href":"https:\/\/kirchehundwil.ch\/index.php?rest_route=\/wp\/v2\/pages\/7696","targetHints":{"allow":["GET"]}}],"collection":[{"href":"https:\/\/kirchehundwil.ch\/index.php?rest_route=\/wp\/v2\/pages"}],"about":[{"href":"https:\/\/kirchehundwil.ch\/index.php?rest_route=\/wp\/v2\/types\/page"}],"author":[{"embeddable":true,"href":"https:\/\/kirchehundwil.ch\/index.php?rest_route=\/wp\/v2\/users\/1"}],"replies":[{"embeddable":true,"href":"https:\/\/kirchehundwil.ch\/index.php?rest_route=%2Fwp%2Fv2%2Fcomments&post=7696"}],"version-history":[{"count":5,"href":"https:\/\/kirchehundwil.ch\/index.php?rest_route=\/wp\/v2\/pages\/7696\/revisions"}],"predecessor-version":[{"id":7715,"href":"https:\/\/kirchehundwil.ch\/index.php?rest_route=\/wp\/v2\/pages\/7696\/revisions\/7715"}],"wp:attachment":[{"href":"https:\/\/kirchehundwil.ch\/index.php?rest_route=%2Fwp%2Fv2%2Fmedia&parent=7696"}],"curies":[{"name":"wp","href":"https:\/\/api.w.org\/{rel}","templated":true}]}}