{"id":7737,"date":"2024-06-08T12:30:50","date_gmt":"2024-06-08T10:30:50","guid":{"rendered":"https:\/\/kirchehundwil.ch\/?page_id=7737"},"modified":"2024-06-08T13:23:59","modified_gmt":"2024-06-08T11:23:59","slug":"07-freiheit","status":"publish","type":"page","link":"https:\/\/kirchehundwil.ch\/?page_id=7737","title":{"rendered":"07 Freiheit"},"content":{"rendered":"\n<h2 class=\"wp-block-heading\"><strong>Im Namen Gottes des Allm\u00e4chtigen<\/strong><\/h2>\n\n\n\n<p class=\"has-text-color has-link-color wp-elements-491fa1de74c7ef30da15c0f8ef762be3\" style=\"color:#0e0ef0\">\u201eWenn ihr bleiben werdet an meinem Wort, so seid ihr wahrhaftig meine J\u00fcnger und werdet die Wahrheit erkennen, und die Wahrheit wird euch frei machen.\u201c\u00a0\u00a0\u00a0\u00a0Johannes 8,31f.<\/p>\n\n\n\n<p>Martin Luther hat die christliche Freiheit in seiner Schrift&nbsp;<strong>\u201eVon der Freiheit eines Christenmenschen\u201c<\/strong>&nbsp;so gefasst:<\/p>\n\n\n\n<p>1<strong>.&nbsp;&nbsp;\u201eEin Christenmensch ist ein freier Herr aller Dinge und niemandem untertan.\u201c<\/strong><\/p>\n\n\n\n<p>Gott hat uns in Jesus Christus befreit&nbsp;von:<\/p>\n\n\n\n<p>&#8211; der Macht der S\u00fcnde und des B\u00f6sen<\/p>\n\n\n\n<p>&#8211; der Sorge um uns selbst (\u201eWie werde ich gerecht?\u201c, \u201eBin ich geliebt, angesehen, erfolgreich?\u201c \u201eHabe ich genug zum Leben?\u201c&#8230;)<\/p>\n\n\n\n<p>&#8211; den M\u00e4chten in dieser Welt (Unsere heidnischen Vorfahren f\u00fcrchteten Geister\/G\u00f6tter in Natur und mussten sie \u201eg\u00fctig\u201c stimmen)<\/p>\n\n\n\n<p>2<strong>. \u201eEin Christenmensch ist ein dienstbarer Knecht aller Dinge und jedermann untertan.\u201c<\/strong><\/p>\n\n\n\n<p>Gott hat uns in Jesus Christus befreit&nbsp;damit:<\/p>\n\n\n\n<p>&#8211; wir unserem himmlischen Vater dienen und ihn ehren.<\/p>\n\n\n\n<p>&#8211; wir unserem N\u00e4chsten dienen und uns um seine Bed\u00fcrfnisse k\u00fcmmern.<\/p>\n\n\n\n<p>&#8211; wir die Sch\u00f6pfung erforschen und zum Nutzen vieler gebrauchen im Bewusstsein, dass Gott selber die letzte Verantwortung f\u00fcr seine Sch\u00f6pfung tr\u00e4gt.<\/p>\n\n\n\n<p>\u201eSieh, so fliesst aus dem Glauben die Liebe und Lust zu Gott und aus der Liebe ein freies, williges, fr\u00f6hliches Leben, umsonst dem N\u00e4chsten zu dienen. Denn ebenso wie unser N\u00e4chster Not leidet und unseres \u00dcberflusses bedarf, haben wir vor Gott Not gelitten und seiner Gnade bedurft.\u201c<\/p>\n\n\n\n<figure class=\"wp-block-image size-full\"><a href=\"https:\/\/kirchehundwil.ch\/wp-content\/uploads\/2024\/06\/1291-Bundesbrief-Original-2.jpeg\"><img loading=\"lazy\" decoding=\"async\" width=\"1025\" height=\"907\" src=\"https:\/\/kirchehundwil.ch\/wp-content\/uploads\/2024\/06\/1291-Bundesbrief-Original-2.jpeg\" alt=\"\" class=\"wp-image-7744\" srcset=\"https:\/\/kirchehundwil.ch\/wp-content\/uploads\/2024\/06\/1291-Bundesbrief-Original-2.jpeg 1025w, https:\/\/kirchehundwil.ch\/wp-content\/uploads\/2024\/06\/1291-Bundesbrief-Original-2-300x265.jpeg 300w, https:\/\/kirchehundwil.ch\/wp-content\/uploads\/2024\/06\/1291-Bundesbrief-Original-2-768x680.jpeg 768w\" sizes=\"auto, (max-width: 1025px) 100vw, 1025px\" \/><\/a><\/figure>\n\n\n\n<h2 class=\"wp-block-heading\">Im Namen Gottes, des Allm\u00e4chtigen! &#8211; der Bundesbrief von 1291 und die Verfassung<\/h2>\n\n\n\n<p>Nicht im Namen der Menschen, irgendeiner Gerechtigkeit, des Klimas, sondern in Gottes Namen. In seinem Namen haben sich die drei alten Orte 1291 den Eid geschworen. In seinem Namen hat die Eidgenossenschaft sich ab 1848 ihre Verfassung gegeben. Von ihm haben die M\u00e4chtigen ihre Macht. Vor ihm haben sie ihr Tun zu verantworten. Was in seinem Namen und im Vertrauen auf ihn getan wird, hat seinen Segen, das f\u00fchrt er zu einem guten Ende. Wo sein Name f\u00fcr die eigenen Zwecke missbraucht wird, l\u00e4sst er es nicht ungestraft.<\/p>\n\n\n\n<figure class=\"wp-block-image size-full\"><a href=\"https:\/\/kirchehundwil.ch\/wp-content\/uploads\/2024\/06\/Bundeskuppel-quer.png\"><img loading=\"lazy\" decoding=\"async\" width=\"837\" height=\"389\" src=\"https:\/\/kirchehundwil.ch\/wp-content\/uploads\/2024\/06\/Bundeskuppel-quer.png\" alt=\"\" class=\"wp-image-7738\" srcset=\"https:\/\/kirchehundwil.ch\/wp-content\/uploads\/2024\/06\/Bundeskuppel-quer.png 837w, https:\/\/kirchehundwil.ch\/wp-content\/uploads\/2024\/06\/Bundeskuppel-quer-300x139.png 300w, https:\/\/kirchehundwil.ch\/wp-content\/uploads\/2024\/06\/Bundeskuppel-quer-768x357.png 768w\" sizes=\"auto, (max-width: 837px) 100vw, 837px\" \/><\/a><\/figure>\n\n\n\n<h2 class=\"wp-block-heading\">Umnus pro omnibus &#8211; omnes pro uno<\/h2>\n\n\n\n<p>Unus pro omnibus &#8211; omnes pro uno.<strong>&nbsp;&nbsp;&nbsp;&#8211; \u201eEiner f\u00fcr alle &#8211; alle f\u00fcr einen\u201c<\/strong>. Mit diesen Worten ist in der Kuppel des Bundeshauses das weisse Kreuz auf rotem Grund umrahmt. \u201eEiner f\u00fcr alle\u201c: Gott, der Allm\u00e4chtige ist auch Gott, der Barmherzige: Der eine Sohn Gottes, Jesus Christus, der am Kreuz sein Blut vergossen hat \u201e<em>zur Vergebung der S\u00fcnden f\u00fcr alle<\/em>\u201c und so Frieden gestiftet hat zwischen Gott und Mensch. \u201eAlle f\u00fcr einen\u201c: Nun sollen auch wir nicht f\u00fcr uns selber leben, sondern f\u00fcr diesen Friedef\u00fcrsten. Auch die gew\u00e4hlten Politiker sollen ihre Macht in seinen Dienst stellen, damit G\u00fcte und Treue, Gerechtigkeit und Friede in unserem Land wohnen.<\/p>\n\n\n\n<figure class=\"wp-block-image size-full\"><a href=\"https:\/\/kirchehundwil.ch\/wp-content\/uploads\/2024\/06\/Bundesverfassung-2-1.png\"><img loading=\"lazy\" decoding=\"async\" width=\"456\" height=\"385\" src=\"https:\/\/kirchehundwil.ch\/wp-content\/uploads\/2024\/06\/Bundesverfassung-2-1.png\" alt=\"\" class=\"wp-image-7754\" srcset=\"https:\/\/kirchehundwil.ch\/wp-content\/uploads\/2024\/06\/Bundesverfassung-2-1.png 456w, https:\/\/kirchehundwil.ch\/wp-content\/uploads\/2024\/06\/Bundesverfassung-2-1-300x253.png 300w\" sizes=\"auto, (max-width: 456px) 100vw, 456px\" \/><\/a><\/figure>\n\n\n\n<h2 class=\"wp-block-heading\">\u201edass die St\u00e4rke des Volkes sich misst am Wohl der Schwachen,\u201c&nbsp;&nbsp;<strong>\u2013 wahre Solidarit\u00e4t<\/strong><\/h2>\n\n\n\n<p>Unser Gott ist Liebe und besonders f\u00fcr die Armen und Schwachen da. In Jesus (hebr. f\u00fcr \u201eder Herr hilft\u201c), dem Christus, verl\u00e4sst er seinen g\u00f6ttlichen Reichtum und wird arm, um uns unendlich reich zu machen (2. Korinther 8, 9). Nur dort, wo dieser Gott verk\u00fcndet wird und er durch seinen Heiligen Geist in den Herzen der Menschen wohnt, kann auch bei uns die opferbereite Liebe wachsen, hat wahre Solidarit\u00e4t einen Platz. Die lieb- und trostlose Alternative: \u201eSurvival of the fittest\u201c (\u201e\u00dcberleben des Angepasstesten\/St\u00e4rksten\u201c).<\/p>\n\n\n\n<h2 class=\"wp-block-heading\">Die Quelle der Freiheit &#8211; unser Sch\u00f6pfer und Retter<\/h2>\n\n\n\n<p>\u201eWenn der Alpen Firn sich r\u00f6tet,&nbsp;<strong>betet freie Schweizer betet!\u201c<\/strong>&nbsp;heisst es in unserer Hymne. Die unvoreingenommene Betrachtung der Sch\u00f6nheit der Sch\u00f6pfung soll zur Anbetung des Sch\u00f6pfers und Retters f\u00fchren, welcher die alleinige Quelle der Freiheit ist. Ihn anzubeten, ihm zu danken und zu loben f\u00fcr alles Gute, das&nbsp;er so treu tut, ihn zu bitten um seine Vergebung, seinen Schutz, seine Hilfe und F\u00fchrung; dies ist eine Grundvoraussetzung der Freiheit.&nbsp;<\/p>\n\n\n\n<h2 class=\"wp-block-heading\">Eidschwur der Landsgemeinde (seit 1585)<\/h2>\n\n\n\n<p><\/p>\n\n\n\n<div class=\"wp-block-media-text is-stacked-on-mobile\"><figure class=\"wp-block-media-text__media\"><img loading=\"lazy\" decoding=\"async\" width=\"412\" height=\"389\" src=\"https:\/\/kirchehundwil.ch\/wp-content\/uploads\/2024\/06\/Landsgemeinde-mit-Kirche-1.png\" alt=\"\" class=\"wp-image-7742 size-full\" srcset=\"https:\/\/kirchehundwil.ch\/wp-content\/uploads\/2024\/06\/Landsgemeinde-mit-Kirche-1.png 412w, https:\/\/kirchehundwil.ch\/wp-content\/uploads\/2024\/06\/Landsgemeinde-mit-Kirche-1-300x283.png 300w\" sizes=\"auto, (max-width: 412px) 100vw, 412px\" \/><\/figure><div class=\"wp-block-media-text__content\">\n<p>Der <strong>Eidschwur der Landsgemeinde lautet:<\/strong>\u201eDas hab\u2019 ich wohl verstanden, was mir ist vorgelesen worden, das will ich wahr und stets halten, treulich und ohne alle Gef\u00e4hrde, so wahr ich w\u00fcnsche und bitte,&nbsp;dass mir Gott helfe.\u201c<\/p>\n<\/div><\/div>\n\n\n\n<h2 class=\"wp-block-heading\">Gebet zu Beginn jeder Kantonsratssitzung des Kantons Appenzell Ausserrhoden<\/h2>\n\n\n\n<p>Das Gebet zu Beginn jeder Kantonsratssitzung des Kantons Appenzell Ausserrhoden ist:<\/p>\n\n\n\n<p class=\"has-text-color has-link-color wp-elements-edc2ebdccca18e29a08409acbc6de3ef\" style=\"color:#2e2eb1\">\u201eAllm\u00e4chtiger Vater, wir bitten um Deinen Beistand.\u00a0<\/p>\n\n\n\n<p>Gib Du, dass wir stets den rechten Rat zum Wohle aller finden. Lass uns reich sein an Einsicht und Erkenntnis zu der Aufgabe, die uns \u00fcbertragen ist, und belebe Du uns, dass wir alle treu und wahr zu dem stimmen, wozu das Gewissen uns mahnt.\u00a0Zerstreue jeden Wahn, der uns t\u00e4uschen und jede Bedenklichkeit, die uns einsch\u00fcchtern m\u00f6chte. Mehre in uns den rechten Eifer f\u00fcr unser Vaterland. Wappne uns, dass wir daheim und wo das Amt uns in die\u00a0Ratss\u00e4le\u00a0des Landes f\u00fchrt, Deine t\u00e4tigen Werkzeuge seien f\u00fcr Recht und gute Sitte. Segne das ganze Volk, dass es Dir diene.\u00a0Segne es durch Eintracht und Gerechtigkeit. Segne es durch Deinen Sohn, unsern Herrn, in dessen Namen wir bitten:<\/p>\n\n\n\n<p>Unser Vater im Himmel &#8230;\u201c<\/p>\n","protected":false},"excerpt":{"rendered":"<p>Im Namen Gottes des Allm\u00e4chtigen \u201eWenn ihr bleiben werdet an meinem Wort, so seid ihr wahrhaftig meine J\u00fcnger und werdet die Wahrheit erkennen, und die Wahrheit wird euch frei machen.\u201c\u00a0\u00a0\u00a0\u00a0Johannes 8,31f. Martin Luther hat die christliche Freiheit in seiner Schrift&nbsp;\u201eVon &hellip; <a href=\"https:\/\/kirchehundwil.ch\/?page_id=7737\">Weiterlesen <span class=\"meta-nav\">&rarr;<\/span><\/a><\/p>\n","protected":false},"author":1,"featured_media":0,"parent":0,"menu_order":0,"comment_status":"closed","ping_status":"closed","template":"","meta":{"footnotes":""},"class_list":["post-7737","page","type-page","status-publish","hentry"],"_links":{"self":[{"href":"https:\/\/kirchehundwil.ch\/index.php?rest_route=\/wp\/v2\/pages\/7737","targetHints":{"allow":["GET"]}}],"collection":[{"href":"https:\/\/kirchehundwil.ch\/index.php?rest_route=\/wp\/v2\/pages"}],"about":[{"href":"https:\/\/kirchehundwil.ch\/index.php?rest_route=\/wp\/v2\/types\/page"}],"author":[{"embeddable":true,"href":"https:\/\/kirchehundwil.ch\/index.php?rest_route=\/wp\/v2\/users\/1"}],"replies":[{"embeddable":true,"href":"https:\/\/kirchehundwil.ch\/index.php?rest_route=%2Fwp%2Fv2%2Fcomments&post=7737"}],"version-history":[{"count":7,"href":"https:\/\/kirchehundwil.ch\/index.php?rest_route=\/wp\/v2\/pages\/7737\/revisions"}],"predecessor-version":[{"id":7755,"href":"https:\/\/kirchehundwil.ch\/index.php?rest_route=\/wp\/v2\/pages\/7737\/revisions\/7755"}],"wp:attachment":[{"href":"https:\/\/kirchehundwil.ch\/index.php?rest_route=%2Fwp%2Fv2%2Fmedia&parent=7737"}],"curies":[{"name":"wp","href":"https:\/\/api.w.org\/{rel}","templated":true}]}}

<h2 class="wp-block-heading"><strong>Im Namen Gottes des Allmächtigen</strong></h2>



<p class="has-text-color has-link-color wp-elements-491fa1de74c7ef30da15c0f8ef762be3" style="color:#0e0ef0">„Wenn ihr bleiben werdet an meinem Wort, so seid ihr wahrhaftig meine Jünger und werdet die Wahrheit erkennen, und die Wahrheit wird euch frei machen.“    Johannes 8,31f.</p>



<p>Martin Luther hat die christliche Freiheit in seiner Schrift&nbsp;<strong>„Von der Freiheit eines Christenmenschen“</strong>&nbsp;so gefasst:</p>



<p>1<strong>.&nbsp;&nbsp;„Ein Christenmensch ist ein freier Herr aller Dinge und niemandem untertan.“</strong></p>



<p>Gott hat uns in Jesus Christus befreit&nbsp;von:</p>



<p>&#8211; der Macht der Sünde und des Bösen</p>



<p>&#8211; der Sorge um uns selbst („Wie werde ich gerecht?“, „Bin ich geliebt, angesehen, erfolgreich?“ „Habe ich genug zum Leben?“&#8230;)</p>



<p>&#8211; den Mächten in dieser Welt (Unsere heidnischen Vorfahren fürchteten Geister/Götter in Natur und mussten sie „gütig“ stimmen)</p>



<p>2<strong>. „Ein Christenmensch ist ein dienstbarer Knecht aller Dinge und jedermann untertan.“</strong></p>



<p>Gott hat uns in Jesus Christus befreit&nbsp;damit:</p>



<p>&#8211; wir unserem himmlischen Vater dienen und ihn ehren.</p>



<p>&#8211; wir unserem Nächsten dienen und uns um seine Bedürfnisse kümmern.</p>



<p>&#8211; wir die Schöpfung erforschen und zum Nutzen vieler gebrauchen im Bewusstsein, dass Gott selber die letzte Verantwortung für seine Schöpfung trägt.</p>



<p>„Sieh, so fliesst aus dem Glauben die Liebe und Lust zu Gott und aus der Liebe ein freies, williges, fröhliches Leben, umsonst dem Nächsten zu dienen. Denn ebenso wie unser Nächster Not leidet und unseres Überflusses bedarf, haben wir vor Gott Not gelitten und seiner Gnade bedurft.“</p>



<figure class="wp-block-image size-full"><a href="https://kirchehundwil.ch/wp-content/uploads/2024/06/1291-Bundesbrief-Original-2.jpeg"><img loading="lazy" decoding="async" width="1025" height="907" src="https://kirchehundwil.ch/wp-content/uploads/2024/06/1291-Bundesbrief-Original-2.jpeg" alt="" class="wp-image-7744" srcset="https://kirchehundwil.ch/wp-content/uploads/2024/06/1291-Bundesbrief-Original-2.jpeg 1025w, https://kirchehundwil.ch/wp-content/uploads/2024/06/1291-Bundesbrief-Original-2-300x265.jpeg 300w, https://kirchehundwil.ch/wp-content/uploads/2024/06/1291-Bundesbrief-Original-2-768x680.jpeg 768w" sizes="auto, (max-width: 1025px) 100vw, 1025px" /></a></figure>



<h2 class="wp-block-heading">Im Namen Gottes, des Allmächtigen! &#8211; der Bundesbrief von 1291 und die Verfassung</h2>



<p>Nicht im Namen der Menschen, irgendeiner Gerechtigkeit, des Klimas, sondern in Gottes Namen. In seinem Namen haben sich die drei alten Orte 1291 den Eid geschworen. In seinem Namen hat die Eidgenossenschaft sich ab 1848 ihre Verfassung gegeben. Von ihm haben die Mächtigen ihre Macht. Vor ihm haben sie ihr Tun zu verantworten. Was in seinem Namen und im Vertrauen auf ihn getan wird, hat seinen Segen, das führt er zu einem guten Ende. Wo sein Name für die eigenen Zwecke missbraucht wird, lässt er es nicht ungestraft.</p>



<figure class="wp-block-image size-full"><a href="https://kirchehundwil.ch/wp-content/uploads/2024/06/Bundeskuppel-quer.png"><img loading="lazy" decoding="async" width="837" height="389" src="https://kirchehundwil.ch/wp-content/uploads/2024/06/Bundeskuppel-quer.png" alt="" class="wp-image-7738" srcset="https://kirchehundwil.ch/wp-content/uploads/2024/06/Bundeskuppel-quer.png 837w, https://kirchehundwil.ch/wp-content/uploads/2024/06/Bundeskuppel-quer-300x139.png 300w, https://kirchehundwil.ch/wp-content/uploads/2024/06/Bundeskuppel-quer-768x357.png 768w" sizes="auto, (max-width: 837px) 100vw, 837px" /></a></figure>



<h2 class="wp-block-heading">Umnus pro omnibus &#8211; omnes pro uno</h2>



<p>Unus pro omnibus &#8211; omnes pro uno.<strong>&nbsp;&nbsp;&nbsp;&#8211; „Einer für alle &#8211; alle für einen“</strong>. Mit diesen Worten ist in der Kuppel des Bundeshauses das weisse Kreuz auf rotem Grund umrahmt. „Einer für alle“: Gott, der Allmächtige ist auch Gott, der Barmherzige: Der eine Sohn Gottes, Jesus Christus, der am Kreuz sein Blut vergossen hat „<em>zur Vergebung der Sünden für alle</em>“ und so Frieden gestiftet hat zwischen Gott und Mensch. „Alle für einen“: Nun sollen auch wir nicht für uns selber leben, sondern für diesen Friedefürsten. Auch die gewählten Politiker sollen ihre Macht in seinen Dienst stellen, damit Güte und Treue, Gerechtigkeit und Friede in unserem Land wohnen.</p>



<figure class="wp-block-image size-full"><a href="https://kirchehundwil.ch/wp-content/uploads/2024/06/Bundesverfassung-2-1.png"><img loading="lazy" decoding="async" width="456" height="385" src="https://kirchehundwil.ch/wp-content/uploads/2024/06/Bundesverfassung-2-1.png" alt="" class="wp-image-7754" srcset="https://kirchehundwil.ch/wp-content/uploads/2024/06/Bundesverfassung-2-1.png 456w, https://kirchehundwil.ch/wp-content/uploads/2024/06/Bundesverfassung-2-1-300x253.png 300w" sizes="auto, (max-width: 456px) 100vw, 456px" /></a></figure>



<h2 class="wp-block-heading">„dass die Stärke des Volkes sich misst am Wohl der Schwachen,“&nbsp;&nbsp;<strong>– wahre Solidarität</strong></h2>



<p>Unser Gott ist Liebe und besonders für die Armen und Schwachen da. In Jesus (hebr. für „der Herr hilft“), dem Christus, verlässt er seinen göttlichen Reichtum und wird arm, um uns unendlich reich zu machen (2. Korinther 8, 9). Nur dort, wo dieser Gott verkündet wird und er durch seinen Heiligen Geist in den Herzen der Menschen wohnt, kann auch bei uns die opferbereite Liebe wachsen, hat wahre Solidarität einen Platz. Die lieb- und trostlose Alternative: „Survival of the fittest“ („Überleben des Angepasstesten/Stärksten“).</p>



<h2 class="wp-block-heading">Die Quelle der Freiheit &#8211; unser Schöpfer und Retter</h2>



<p>„Wenn der Alpen Firn sich rötet,&nbsp;<strong>betet freie Schweizer betet!“</strong>&nbsp;heisst es in unserer Hymne. Die unvoreingenommene Betrachtung der Schönheit der Schöpfung soll zur Anbetung des Schöpfers und Retters führen, welcher die alleinige Quelle der Freiheit ist. Ihn anzubeten, ihm zu danken und zu loben für alles Gute, das&nbsp;er so treu tut, ihn zu bitten um seine Vergebung, seinen Schutz, seine Hilfe und Führung; dies ist eine Grundvoraussetzung der Freiheit.&nbsp;</p>



<h2 class="wp-block-heading">Eidschwur der Landsgemeinde (seit 1585)</h2>



<p></p>



<div class="wp-block-media-text is-stacked-on-mobile"><figure class="wp-block-media-text__media"><img loading="lazy" decoding="async" width="412" height="389" src="https://kirchehundwil.ch/wp-content/uploads/2024/06/Landsgemeinde-mit-Kirche-1.png" alt="" class="wp-image-7742 size-full" srcset="https://kirchehundwil.ch/wp-content/uploads/2024/06/Landsgemeinde-mit-Kirche-1.png 412w, https://kirchehundwil.ch/wp-content/uploads/2024/06/Landsgemeinde-mit-Kirche-1-300x283.png 300w" sizes="auto, (max-width: 412px) 100vw, 412px" /></figure><div class="wp-block-media-text__content">
<p>Der <strong>Eidschwur der Landsgemeinde lautet:</strong>„Das hab’ ich wohl verstanden, was mir ist vorgelesen worden, das will ich wahr und stets halten, treulich und ohne alle Gefährde, so wahr ich wünsche und bitte,&nbsp;dass mir Gott helfe.“</p>
</div></div>



<h2 class="wp-block-heading">Gebet zu Beginn jeder Kantonsratssitzung des Kantons Appenzell Ausserrhoden</h2>



<p>Das Gebet zu Beginn jeder Kantonsratssitzung des Kantons Appenzell Ausserrhoden ist:</p>



<p class="has-text-color has-link-color wp-elements-edc2ebdccca18e29a08409acbc6de3ef" style="color:#2e2eb1">„Allmächtiger Vater, wir bitten um Deinen Beistand. </p>



<p>Gib Du, dass wir stets den rechten Rat zum Wohle aller finden. Lass uns reich sein an Einsicht und Erkenntnis zu der Aufgabe, die uns übertragen ist, und belebe Du uns, dass wir alle treu und wahr zu dem stimmen, wozu das Gewissen uns mahnt. Zerstreue jeden Wahn, der uns täuschen und jede Bedenklichkeit, die uns einschüchtern möchte. Mehre in uns den rechten Eifer für unser Vaterland. Wappne uns, dass wir daheim und wo das Amt uns in die Ratssäle des Landes führt, Deine tätigen Werkzeuge seien für Recht und gute Sitte. Segne das ganze Volk, dass es Dir diene. Segne es durch Eintracht und Gerechtigkeit. Segne es durch Deinen Sohn, unsern Herrn, in dessen Namen wir bitten:</p>



<p>Unser Vater im Himmel &#8230;“</p>

<p>Im Namen Gottes des Allmächtigen „Wenn ihr bleiben werdet an meinem Wort, so seid ihr wahrhaftig meine Jünger und werdet die Wahrheit erkennen, und die Wahrheit wird euch frei machen.“    Johannes 8,31f. Martin Luther hat die christliche Freiheit in seiner Schrift&nbsp;„Von &hellip; <a href="https://kirchehundwil.ch/?page_id=7737">Weiterlesen <span class="meta-nav">&rarr;</span></a></p>
