{"id":8476,"date":"2025-04-22T11:04:22","date_gmt":"2025-04-22T09:04:22","guid":{"rendered":"https:\/\/kirchehundwil.ch\/?page_id=8476"},"modified":"2025-04-22T11:54:28","modified_gmt":"2025-04-22T09:54:28","slug":"konfirmation-2025","status":"publish","type":"page","link":"https:\/\/kirchehundwil.ch\/?page_id=8476","title":{"rendered":"R\u00fcckblick &#8211; Konfirmation 2025"},"content":{"rendered":"\n<p>Am Palmsonntag wurden 4 unserer jungen Gemeindeglieder konfirmiert. Als S\u00e4uglinge sind sie getauft worden auf den Namen des dreieinigen Gottes. Im Laufe der Jahre durften sie vielleicht zu Hause und in der Sonntagsschule, bestimmt im Religionsunterricht und zuletzt im Konfirmationsunterricht von ihrem Sch\u00f6pfer und Retter h\u00f6ren und lernen. So ist auch an ihnen, wie an ungez\u00e4hlten Anderen, der Befehl Jesu Christi erf\u00fcllt worden: \u201e<em>Geht hin und macht alle V\u00f6lker zu J\u00fcngern indem ihr sie tauft auf den Namen des Vaters, des Sohnes und des Heiligen Geistes und indem ihr sie halten lehrt alles, was ich euch geboten habe<\/em>.\u201c (Matth\u00e4us 28, 19).\u00a0\u00a0<\/p>\n\n\n\n<p>Confirmare ist lateinisch und heisst \u201ebest\u00e4tigen\u201c. An der Konfirmation best\u00e4tigen wir, dass sie getauft und unterrichtet worden sind. Die Konfirmanden best\u00e4tigten ihren Glauben an Gott. Als Gemeinde begr\u00fcssen wir die sie als m\u00fcndige Gemeindeglieder und bitten Gott f\u00fcr sie besonders um seinen Segen und seine Gnade.<\/p>\n\n\n\n<figure class=\"wp-block-image size-large\"><a href=\"https:\/\/kirchehundwil.ch\/wp-content\/uploads\/2025\/04\/20250413-Konfirmation-2025-scaled.jpg\"><img loading=\"lazy\" decoding=\"async\" width=\"1024\" height=\"717\" src=\"https:\/\/kirchehundwil.ch\/wp-content\/uploads\/2025\/04\/20250413-Konfirmation-2025-1024x717.jpg\" alt=\"\" class=\"wp-image-8470\" srcset=\"https:\/\/kirchehundwil.ch\/wp-content\/uploads\/2025\/04\/20250413-Konfirmation-2025-1024x717.jpg 1024w, https:\/\/kirchehundwil.ch\/wp-content\/uploads\/2025\/04\/20250413-Konfirmation-2025-300x210.jpg 300w, https:\/\/kirchehundwil.ch\/wp-content\/uploads\/2025\/04\/20250413-Konfirmation-2025-768x538.jpg 768w, https:\/\/kirchehundwil.ch\/wp-content\/uploads\/2025\/04\/20250413-Konfirmation-2025-1536x1075.jpg 1536w, https:\/\/kirchehundwil.ch\/wp-content\/uploads\/2025\/04\/20250413-Konfirmation-2025-2048x1434.jpg 2048w\" sizes=\"auto, (max-width: 1024px) 100vw, 1024px\" \/><\/a><\/figure>\n\n\n\n<p>Am Palmsonntag, 13. April 2025 feierte die Gemeinde mit den Angeh\u00f6rigen der Konfirmanden die Konfirmation von Armin J\u00e4ger, S\u00e4mi J\u00e4ger, Fabian Nef und S\u00e4mi Holderegger.<\/p>\n\n\n\n<figure class=\"wp-block-image size-large\"><a href=\"https:\/\/kirchehundwil.ch\/wp-content\/uploads\/2025\/04\/20250413_110252-Konfirmation-scaled.jpg\"><img loading=\"lazy\" decoding=\"async\" width=\"1024\" height=\"462\" src=\"https:\/\/kirchehundwil.ch\/wp-content\/uploads\/2025\/04\/20250413_110252-Konfirmation-1024x462.jpg\" alt=\"\" class=\"wp-image-8477\" srcset=\"https:\/\/kirchehundwil.ch\/wp-content\/uploads\/2025\/04\/20250413_110252-Konfirmation-1024x462.jpg 1024w, https:\/\/kirchehundwil.ch\/wp-content\/uploads\/2025\/04\/20250413_110252-Konfirmation-300x135.jpg 300w, https:\/\/kirchehundwil.ch\/wp-content\/uploads\/2025\/04\/20250413_110252-Konfirmation-768x346.jpg 768w, https:\/\/kirchehundwil.ch\/wp-content\/uploads\/2025\/04\/20250413_110252-Konfirmation-1536x692.jpg 1536w, https:\/\/kirchehundwil.ch\/wp-content\/uploads\/2025\/04\/20250413_110252-Konfirmation-2048x923.jpg 2048w\" sizes=\"auto, (max-width: 1024px) 100vw, 1024px\" \/><\/a><\/figure>\n\n\n\n<figure class=\"wp-block-gallery has-nested-images columns-default is-cropped wp-block-gallery-1 is-layout-flex wp-block-gallery-is-layout-flex\">\n<figure class=\"wp-block-image size-large\"><a href=\"https:\/\/kirchehundwil.ch\/wp-content\/uploads\/2025\/04\/20250413-Maennerchor-IMG_5842-4-scaled.jpg\"><img loading=\"lazy\" decoding=\"async\" width=\"1024\" height=\"768\" data-id=\"8478\" src=\"https:\/\/kirchehundwil.ch\/wp-content\/uploads\/2025\/04\/20250413-Maennerchor-IMG_5842-4-1024x768.jpg\" alt=\"\" class=\"wp-image-8478\" srcset=\"https:\/\/kirchehundwil.ch\/wp-content\/uploads\/2025\/04\/20250413-Maennerchor-IMG_5842-4-1024x768.jpg 1024w, https:\/\/kirchehundwil.ch\/wp-content\/uploads\/2025\/04\/20250413-Maennerchor-IMG_5842-4-300x225.jpg 300w, https:\/\/kirchehundwil.ch\/wp-content\/uploads\/2025\/04\/20250413-Maennerchor-IMG_5842-4-768x576.jpg 768w, https:\/\/kirchehundwil.ch\/wp-content\/uploads\/2025\/04\/20250413-Maennerchor-IMG_5842-4-1536x1152.jpg 1536w, https:\/\/kirchehundwil.ch\/wp-content\/uploads\/2025\/04\/20250413-Maennerchor-IMG_5842-4-2048x1536.jpg 2048w\" sizes=\"auto, (max-width: 1024px) 100vw, 1024px\" \/><\/a><\/figure>\n\n\n\n<figure class=\"wp-block-image size-large\"><a href=\"https:\/\/kirchehundwil.ch\/wp-content\/uploads\/2025\/04\/20250413-Pfarrer-nah-IMG_5846-3-scaled.jpg\"><img loading=\"lazy\" decoding=\"async\" width=\"768\" height=\"1024\" data-id=\"8481\" src=\"https:\/\/kirchehundwil.ch\/wp-content\/uploads\/2025\/04\/20250413-Pfarrer-nah-IMG_5846-3-768x1024.jpg\" alt=\"\" class=\"wp-image-8481\" srcset=\"https:\/\/kirchehundwil.ch\/wp-content\/uploads\/2025\/04\/20250413-Pfarrer-nah-IMG_5846-3-768x1024.jpg 768w, https:\/\/kirchehundwil.ch\/wp-content\/uploads\/2025\/04\/20250413-Pfarrer-nah-IMG_5846-3-225x300.jpg 225w, https:\/\/kirchehundwil.ch\/wp-content\/uploads\/2025\/04\/20250413-Pfarrer-nah-IMG_5846-3-1152x1536.jpg 1152w, https:\/\/kirchehundwil.ch\/wp-content\/uploads\/2025\/04\/20250413-Pfarrer-nah-IMG_5846-3-1536x2048.jpg 1536w, https:\/\/kirchehundwil.ch\/wp-content\/uploads\/2025\/04\/20250413-Pfarrer-nah-IMG_5846-3-scaled.jpg 1920w\" sizes=\"auto, (max-width: 768px) 100vw, 768px\" \/><\/a><\/figure>\n\n\n\n<figure class=\"wp-block-image size-large\"><a href=\"https:\/\/kirchehundwil.ch\/wp-content\/uploads\/2025\/04\/20250413-Segen-IMG_5849-3-scaled.jpg\"><img loading=\"lazy\" decoding=\"async\" width=\"1024\" height=\"768\" data-id=\"8479\" src=\"https:\/\/kirchehundwil.ch\/wp-content\/uploads\/2025\/04\/20250413-Segen-IMG_5849-3-1024x768.jpg\" alt=\"\" class=\"wp-image-8479\" srcset=\"https:\/\/kirchehundwil.ch\/wp-content\/uploads\/2025\/04\/20250413-Segen-IMG_5849-3-1024x768.jpg 1024w, https:\/\/kirchehundwil.ch\/wp-content\/uploads\/2025\/04\/20250413-Segen-IMG_5849-3-300x225.jpg 300w, https:\/\/kirchehundwil.ch\/wp-content\/uploads\/2025\/04\/20250413-Segen-IMG_5849-3-768x576.jpg 768w, https:\/\/kirchehundwil.ch\/wp-content\/uploads\/2025\/04\/20250413-Segen-IMG_5849-3-1536x1152.jpg 1536w, https:\/\/kirchehundwil.ch\/wp-content\/uploads\/2025\/04\/20250413-Segen-IMG_5849-3-2048x1536.jpg 2048w\" sizes=\"auto, (max-width: 1024px) 100vw, 1024px\" \/><\/a><\/figure>\n\n\n\n<figure class=\"wp-block-image size-large\"><a href=\"https:\/\/kirchehundwil.ch\/wp-content\/uploads\/2025\/04\/20250413-Zaeuerli-IMG_5838-3-scaled.jpg\"><img loading=\"lazy\" decoding=\"async\" width=\"1024\" height=\"768\" data-id=\"8480\" src=\"https:\/\/kirchehundwil.ch\/wp-content\/uploads\/2025\/04\/20250413-Zaeuerli-IMG_5838-3-1024x768.jpg\" alt=\"\" class=\"wp-image-8480\" srcset=\"https:\/\/kirchehundwil.ch\/wp-content\/uploads\/2025\/04\/20250413-Zaeuerli-IMG_5838-3-1024x768.jpg 1024w, https:\/\/kirchehundwil.ch\/wp-content\/uploads\/2025\/04\/20250413-Zaeuerli-IMG_5838-3-300x225.jpg 300w, https:\/\/kirchehundwil.ch\/wp-content\/uploads\/2025\/04\/20250413-Zaeuerli-IMG_5838-3-768x576.jpg 768w, https:\/\/kirchehundwil.ch\/wp-content\/uploads\/2025\/04\/20250413-Zaeuerli-IMG_5838-3-1536x1152.jpg 1536w, https:\/\/kirchehundwil.ch\/wp-content\/uploads\/2025\/04\/20250413-Zaeuerli-IMG_5838-3-2048x1536.jpg 2048w\" sizes=\"auto, (max-width: 1024px) 100vw, 1024px\" \/><\/a><\/figure>\n<\/figure>\n","protected":false},"excerpt":{"rendered":"<p>Am Palmsonntag wurden 4 unserer jungen Gemeindeglieder konfirmiert. Als S\u00e4uglinge sind sie getauft worden auf den Namen des dreieinigen Gottes. Im Laufe der Jahre durften sie vielleicht zu Hause und in der Sonntagsschule, bestimmt im Religionsunterricht und zuletzt im Konfirmationsunterricht &hellip; <a href=\"https:\/\/kirchehundwil.ch\/?page_id=8476\">Weiterlesen <span class=\"meta-nav\">&rarr;<\/span><\/a><\/p>\n","protected":false},"author":1,"featured_media":0,"parent":0,"menu_order":0,"comment_status":"closed","ping_status":"closed","template":"","meta":{"footnotes":""},"class_list":["post-8476","page","type-page","status-publish","hentry"],"_links":{"self":[{"href":"https:\/\/kirchehundwil.ch\/index.php?rest_route=\/wp\/v2\/pages\/8476","targetHints":{"allow":["GET"]}}],"collection":[{"href":"https:\/\/kirchehundwil.ch\/index.php?rest_route=\/wp\/v2\/pages"}],"about":[{"href":"https:\/\/kirchehundwil.ch\/index.php?rest_route=\/wp\/v2\/types\/page"}],"author":[{"embeddable":true,"href":"https:\/\/kirchehundwil.ch\/index.php?rest_route=\/wp\/v2\/users\/1"}],"replies":[{"embeddable":true,"href":"https:\/\/kirchehundwil.ch\/index.php?rest_route=%2Fwp%2Fv2%2Fcomments&post=8476"}],"version-history":[{"count":4,"href":"https:\/\/kirchehundwil.ch\/index.php?rest_route=\/wp\/v2\/pages\/8476\/revisions"}],"predecessor-version":[{"id":8501,"href":"https:\/\/kirchehundwil.ch\/index.php?rest_route=\/wp\/v2\/pages\/8476\/revisions\/8501"}],"wp:attachment":[{"href":"https:\/\/kirchehundwil.ch\/index.php?rest_route=%2Fwp%2Fv2%2Fmedia&parent=8476"}],"curies":[{"name":"wp","href":"https:\/\/api.w.org\/{rel}","templated":true}]}}