{"id":9328,"date":"2026-04-25T20:06:55","date_gmt":"2026-04-25T18:06:55","guid":{"rendered":"https:\/\/kirchehundwil.ch\/?page_id=9328"},"modified":"2026-04-25T20:11:50","modified_gmt":"2026-04-25T18:11:50","slug":"pfingsten-und-der-beistand-des-heiligen-geistes","status":"publish","type":"page","link":"https:\/\/kirchehundwil.ch\/?page_id=9328","title":{"rendered":"Pfingsten und der Beistand des Heiligen Geistes"},"content":{"rendered":"\n<p><strong>Wort des Pfarrers<\/strong><\/p>\n\n\n\n<p><strong style=\"caret-color: rgb(0, 0, 0); white-space: normal;\">der Heilige Geist ist keine unpers\u00f6nliche Kraft<\/strong><\/p>\n\n\n\n<p>Jedes Jahr hat die Mehrheit der Bewohner unseres Landes frei am Pfingstmontag. Nat\u00fcrlich, die K\u00fche wollen trotzdem gemolken, gemistet und gef\u00fcttert werden. Auch die Hilfsbed\u00fcrftigen in den Heimen und Spit\u00e4lern sollen umsorgt und gepflegt werden. Doch die Mehrheit hat einen freien Tag am Pfingstmontag. So wichtig ist das, was an Pfingsten passiert ist.<\/p>\n\n\n\n<p>Nach Ostern hat die Angst, die Verzweiflung, die Verlorenheit der J\u00fcnger Jesu sich nach und nach zu wandeln begonnen. Immer wieder hat der Auferstandene sich ihnen gezeigt. Hat mit ihnen gegessen und getrunken. Hat ihnen in den Heiligen Schriften Israels zu verstehen gegeben, dass der Christus leiden&nbsp;<em>musste<\/em>&nbsp;und weshalb dieses sein Leiden das Heil der Welt ist (Lk 24, 26f.).<\/p>\n\n\n\n<p>Vierzig Tage nach Ostern dann war es, als Jesus vor den Augen seiner J\u00fcnger in den Himmel emporgehoben wurde. (Auch an Auffahrt haben die meisten Menschen in unserem Land frei!)<\/p>\n\n\n\n<p>Wieder wurde ihr Meister ihnen genommen. Doch unter welch anderen Voraussetzungen als damals im Garten Gethsemane! Jesus hatte ihnen ihre feige Flucht, wie all ihre Schuld, Kraft seines Todes vergeben. Und wenn er nun Heim ging zu seinem Vater in den Himmeln, dann nicht, um dort f\u00fcr sich endlich die verdiente Belohnung zu geniessen, sondern um seine Herrschaft zur Rechten des Vaters anzutreten und auszu\u00fcben: \u201e<em>Mir ist gegeben alle Macht, im Himmel und auf Erden. Geht hin in alle Welt und machet zu J\u00fcngern alle V\u00f6lker, indem ihr sie tauft auf den Namen des Vaters, des Sohnes und des Heiligen Geistes und sie halten lehrt, alles was ich euch befohlen habe. Und siehe, ich bin bei Euch alle Tage bis an der Welt Ende!<\/em>\u201c(Mt 28, 18ff.).-<\/p>\n\n\n\n<p>Anders als alle Religionsstifter dieser Welt, hat Jesus seine J\u00fcnger nicht allein zur\u00fcckgelassen, mit einer Lehre, die es zu befolgen gilt. Er hat ihnen den Beistand des Heiligen Geistes versprochen (Joh 14, 16). Zehn Tage nachdem Jesus von ihnen gegangen war, traf ein, was er verheissen hatte. Pfingsten. Der Heilige Gott durchbricht die Trennmauer zwischen sich und uns S\u00fcndern.<\/p>\n\n\n\n<p>Doch was ist da eigentlich passiert? &#8211;<\/p>\n\n\n\n<p>Sind die J\u00fcnger pl\u00f6tzlich verwandelt worden in andere, bessere Menschen? Haben die Leute gesagt: \u201eSchaut mal diese da, wie erl\u00f6st sie aussehen und wie freudevoll sie wirken!\u201c? &#8211;<\/p>\n\n\n\n<p>Nein. Der Heilige Geist ist keine unpers\u00f6nliche Kraft, die uns \u201ebegeistert\u201c und in gute und immerfr\u00f6hliche Menschen verwandelt. Er ist keine anonyme Energie, die wir irgendwie kanalisieren und f\u00fcr unsere Vorhaben und Projekte umleiten und gebrauchen k\u00f6nnten. Er ist keine Sache \u00fcber die wir verf\u00fcgen.<\/p>\n\n\n\n<p>Genau das jedoch wird in der Pr\u00e4ambel der neuen Kirchenverfassung, die seit 2022 in Kraft ist, suggeriert. Das ist verheerungsvoll. Der Name Gottes, auf den wir Christen getauft sind, wird verf\u00e4lscht und Gott zu einem G\u00f6tzen gemacht. Das ist ein Bruch des 1. und 2. Gebotes.<\/p>\n\n\n\n<p>Es f\u00fchrt zudem zu v\u00f6llig \u00fcberh\u00f6hten Anspr\u00fcchen an die Getauften, allen voran an die Kirchenoberen und Pfarrer und damit zu herben Entt\u00e4uschungen, Verletzungen und Verwerfungen. Denn auch mit Hilfe einer sogenannten \u201eGeistkraft\u201c kann niemand leisten, was allein der Heilige Geist tut.<\/p>\n\n\n\n<p>Der Heilige Geist ist der Tr\u00f6ster, Beistand und F\u00fcrsprecher den Christus uns gesandt hat. Sein Werk ist anders, als wir es uns vorstellen, f\u00fcr den Augenschein weniger, in Wahrheit unendlich mehr. Er hat die Propheten und Apostel begabt und durch sie daf\u00fcr gesorgt, dass wir und Menschen in tausend anderen Sprachen die grossen Taten Gottes h\u00f6ren k\u00f6nnen in der Bibel (aktuell gibt es \u00dcbersetzungen in 4007 Sprachen!)!<\/p>\n\n\n\n<p>So lehrt und erinnert er uns an alles, was Christus gesagt und getan hat (Joh 14, 26) und f\u00fchrt uns in die ganze Wahrheit (Joh 16, 13): Er zeigt uns auf, dass wir S\u00fcnder sind und Gott gerecht (Joh 16, 8 &#8211; 11).&nbsp;&nbsp;Er nimmt sich unserer Schwachheit an und betet und seufzt f\u00fcr uns (R\u00f6m 8, 26).<\/p>\n\n\n\n<p>Er ist es auch, der verantwortlich ist, dass wir Sonntag f\u00fcr Sonntag Gottesdienst feiern und 40 Tage nach Ostern Christi Himmelfahrt und wieder 10 Tage sp\u00e4ter Pfingsten. So sorgt er daf\u00fcr, dass wir nicht nur das h\u00f6ren was Menschen, was kirchliche und politische Gremien, Bundesr\u00e4te und Pr\u00e4sidenten, Zeitungen, Radio und Fernseher sagen und tun, wovon vieles falsch und irref\u00fchrend und das meiste morgen schon wieder vergessen ist. Sondern er f\u00fchrt uns in die Wahrheit, die frei macht (Joh 8, 32):<\/p>\n\n\n\n<p>Wir d\u00fcrfen h\u00f6ren, bedenken und hineinwachsen in das, was Gott denkt, sagt und tut, was auch dann noch gelten und sein wird, wenn diese Welt l\u00e4ngst nicht mehr ist!&nbsp;&nbsp;<\/p>\n\n\n\n<p>Anhand der Heiligen Schriften des Alten und Neuen Testaments lehrt er uns verstehen und begabt uns mit dem Glauben an das Evangelium, das kein Mensch von sich aus glauben und verstehen kann: Dass unser Herr durch seinen Tod am Kreuz nicht gescheitert ist, sondern gerade dadurch den Sieg \u00fcber die widerg\u00f6ttlichen M\u00e4chte dieser Welt, \u00fcber S\u00fcnde, Tod und Teufel errungen und uns mit unserem Sch\u00f6pfer vers\u00f6hnt hat (vgl. Die Pfingstpredigt des Petrus Apostelgeschichte 2, 14 &#8211; 36). Und dass auch wir nicht in irdischem Gl\u00fcck und Erfolg unsere Erf\u00fcllung finden, sondern in der Nachfolge dieses Herrn.<\/p>\n\n\n\n<p>So begabt der Heilige Geist uns mit der Liebe, die nicht in hohen Vorstellungen und leeren Versprechen schwelgt und mit immer neuen Projekten und Anl\u00e4ssen versucht, die inhaltliche Leere zu kaschieren, sondern treu ihr bescheidenes Werk tut, im Vertrauen darauf, dass es nicht umsonst ist.<\/p>\n\n\n\n<p>Pfr. David M\u00e4gli, Hundwil<\/p>\n\n\n\n<p>Quelle: Hondwiler Bl\u00e4ttli, April 2026<\/p>\n","protected":false},"excerpt":{"rendered":"<p>Wort des Pfarrers der Heilige Geist ist keine unpers\u00f6nliche Kraft Jedes Jahr hat die Mehrheit der Bewohner unseres Landes frei am Pfingstmontag. Nat\u00fcrlich, die K\u00fche wollen trotzdem gemolken, gemistet und gef\u00fcttert werden. Auch die Hilfsbed\u00fcrftigen in den Heimen und Spit\u00e4lern &hellip; <a href=\"https:\/\/kirchehundwil.ch\/?page_id=9328\">Weiterlesen <span class=\"meta-nav\">&rarr;<\/span><\/a><\/p>\n","protected":false},"author":1,"featured_media":0,"parent":0,"menu_order":0,"comment_status":"closed","ping_status":"closed","template":"","meta":{"footnotes":""},"class_list":["post-9328","page","type-page","status-publish","hentry"],"_links":{"self":[{"href":"https:\/\/kirchehundwil.ch\/index.php?rest_route=\/wp\/v2\/pages\/9328","targetHints":{"allow":["GET"]}}],"collection":[{"href":"https:\/\/kirchehundwil.ch\/index.php?rest_route=\/wp\/v2\/pages"}],"about":[{"href":"https:\/\/kirchehundwil.ch\/index.php?rest_route=\/wp\/v2\/types\/page"}],"author":[{"embeddable":true,"href":"https:\/\/kirchehundwil.ch\/index.php?rest_route=\/wp\/v2\/users\/1"}],"replies":[{"embeddable":true,"href":"https:\/\/kirchehundwil.ch\/index.php?rest_route=%2Fwp%2Fv2%2Fcomments&post=9328"}],"version-history":[{"count":4,"href":"https:\/\/kirchehundwil.ch\/index.php?rest_route=\/wp\/v2\/pages\/9328\/revisions"}],"predecessor-version":[{"id":9335,"href":"https:\/\/kirchehundwil.ch\/index.php?rest_route=\/wp\/v2\/pages\/9328\/revisions\/9335"}],"wp:attachment":[{"href":"https:\/\/kirchehundwil.ch\/index.php?rest_route=%2Fwp%2Fv2%2Fmedia&parent=9328"}],"curies":[{"name":"wp","href":"https:\/\/api.w.org\/{rel}","templated":true}]}}